{"id":390,"date":"2010-05-04T18:12:20","date_gmt":"2010-05-04T18:12:20","guid":{"rendered":"http:\/\/www.bewegungstrainer-em.org\/wordpress2\/?page_id=390"},"modified":"2024-08-05T04:56:46","modified_gmt":"2024-08-05T04:56:46","slug":"katrin-meyer-50170-kerpen-buir","status":"publish","type":"page","link":"https:\/\/www.bewegungstrainer-em.org\/index.php\/trainerverzeichnis\/bewegungstrainer-nrw\/katrin-meyer-50170-kerpen-buir\/","title":{"rendered":"Katrin Meyer, 50170 Kerpen-Buir"},"content":{"rendered":"<p><a href=\"https:\/\/www.bewegungstrainer-em.org\/wp-content\/uploads\/2010\/03\/katrin-meyer.jpg\"><img decoding=\"async\" loading=\"lazy\" class=\"alignnone size-full wp-image-270\" title=\"katrin meyer\" src=\"https:\/\/www.bewegungstrainer-em.org\/wp-content\/uploads\/2010\/03\/katrin-meyer.jpg\" alt=\"\" width=\"264\" height=\"393\" srcset=\"https:\/\/www.bewegungstrainer-em.org\/wp-content\/uploads\/2010\/03\/katrin-meyer.jpg 201w, https:\/\/www.bewegungstrainer-em.org\/wp-content\/uploads\/2010\/03\/katrin-meyer-100x150.jpg 100w\" sizes=\"(max-width: 264px) 100vw, 264px\" \/><\/a><\/p>\n<p>&#8222;F\u00fcr mich sind Pferde ein St\u00fcck Kulturgut, die Reiterei eine Tradition, die gepflegt und erhalten werden muss. Sie st\u00e4rkt die Pers\u00f6nlichkeit und den Charakter des Menschen. Ganz gleich, welche Rasse oder welchen Ausbildungsstand das Pferd besitzt, jedes Pferd kann sich verbessern und in seinem Niveau weiter kommen.&#8220;<\/p>\n<h4><strong>Kontakt:<br \/>\n<\/strong><br \/>\nKatrin Meyer<br \/>\nTalstrasse 1<br \/>\n50170 Kerpen<\/h4>\n<p>Tel.: 0173\/785 00 56<br \/>\n<a href=\"mailto:katrinschweiz@hotmail.com\">katrinschweiz@hotmail.com<\/a><br \/>\n<a href=\"http:\/\/www.katrin-meyer.de\" target=\"_blank\" rel=\"noopener\">www.katrin-meyer.de<\/a><\/p>\n<p><strong>Lebenslauf<\/strong><\/p>\n<table style=\"height: 152px;\" width=\"525\">\n<tbody>\n<tr>\n<td>1991-1994<\/td>\n<td>Berufslehre als Pferdewirt H. Staub B\u00e4retswil (Schweiz)<\/td>\n<\/tr>\n<tr>\n<td>1994-2001<\/td>\n<td>T\u00e4tigkeit als Bereiter bei Klaus Balkenhol, Michael Deters<br \/>\nVorstellen verschiedener Pferde bis zur Klasse S<\/td>\n<\/tr>\n<tr>\n<td>2001<\/td>\n<td>Pferdewirtschaftsmeisterpr\u00fcfung mit Stensbeck-Plakette<\/td>\n<\/tr>\n<tr>\n<td>2001-2003<\/td>\n<td>Selbstst\u00e4ndige T\u00e4tigkeit als Pferdewirtschaftsmeisterin<br \/>\nRegelm\u00e4ssige Betreuung des RV Bad Driburg<br \/>\nErteilung von Lehrg\u00e4ngen in den USA<\/td>\n<\/tr>\n<tr>\n<td>2003-2006<\/td>\n<td>Dressurstall \u201eTejas-Verdes\u201c (Chile) Mario Vargas<br \/>\nBetreuung verschiedener s\u00fcdamerikanischer L\u00e4nder im Namen der FEI<\/td>\n<\/tr>\n<tr>\n<td>2006 bis heute<\/td>\n<td>Freiberufliche T\u00e4tigkeit auf dem Verlacher Hof in Hilden<\/td>\n<\/tr>\n<tr>\n<td>2008<\/td>\n<td>Weiterbildung zum Bewegungstrainer (EM)<\/td>\n<\/tr>\n<\/tbody>\n<\/table>\n<p><strong>Schulungsort\/Mindestteilnehmerzahl:<\/strong><\/p>\n<p>* auf eigener Anlage<br \/>\n* mobil ab 5 Teilnehmern<\/p>\n<p><strong>Referenzen<\/strong><\/p>\n<p><strong>2015<\/strong><br \/>\n<em>Feb\/M\u00e4rz<\/em><\/p>\n<p>Bewegungstraining EM, Hof Schmid, Brand 4, 6205 Eich, Schweiz<\/p>\n<p>Bewegungstraining EM, Gut Anstelburg, Kerpen Buir<\/p>\n<p>Bewegungstraining EM, Sarnen, Schweiz<\/p>\n<p><strong>2013<\/strong><br \/>\nKurs bei<br \/>\n<em><a href=\"http:\/\/www.yolandagiezendanner.ch\" target=\"_blank\" rel=\"noopener\">&#8222;Reitunterricht Mensch-und Pferdegerecht&#8220; <\/a><\/em><br \/>\nIch habe bei den Kursen von Katrin viel f\u00fcr meinen eigenen Sitz und die Reitstunden meiner Sch\u00fcler profitiert. Es erstaunte mich immer wieder, wie man mit diesen \u00dcbungen eine deutliche Verbesserung des Sitzes erzielen kann. Auch oder gerade bei Sitzproblemen, mit denen der Reiter schon lange k\u00e4mpfte, waren die \u00dcbungen sehr hilfreich. Katrin hat die \u00dcbungen und Zusammenh\u00e4nge sehr gut und verst\u00e4ndlich erkl\u00e4rt und es herrschte eine angenehme Atmosph\u00e4re. Ich kommen gerne wieder an den n\u00e4chsten Fortbildungskurs.<\/p>\n<p>Bewegungstraining Sarnen (Schweiz) 27\/28 Februar 2010<\/p>\n<p><em>&#8222;Locker vom Hocker \u2013 Bewegungstraining nach EM mit Katrin Meyer<\/em><\/p>\n<p>Meine Teilnahme an Bewegungstraining\/Sitzschulung nach Eckart Meyners mit Katrin Meyer war ein reiterliches Erlebnis der besonderen Art. Ich bin eine Sp\u00e4teinsteigerin, habe ich doch erst mit 37 Jahren mit Reitunterricht begonnen. Mittlerweile bin ich zwar weitere 12 Jahre \u00e4lter, aber nicht unbedingt geschmeidig-beweglicher geworden. Meine Schulterschmerzen waren schon lange ein Dauerzustand und dies schr\u00e4nkten meine Beweglichkeit immer mehr ein. Wie oft habe ich schon auf Anweisung von Reitlehrern \u201ekrampfhaft\u201c versucht meine Schultern locker h\u00e4ngen zu lassen \u2013 ohne Erfolg. W\u00e4hrend des Trainings hat Katrin diese Blockaden im Oberk\u00f6rper sofort entdeckt und ist diese beharrlich angegangen. Die Techniken w\u00fcrde ich jetzt nicht alle als angenehm bezeichnen, aber sie sind enorm effektiv. Man reitet los und f\u00fchlt es sofort, ohne Anweisungen. Obwohl ich mir seit Jahren 1 x pro Monat eine Massage g\u00f6nne, war ich noch nie so gel\u00f6st und frei wie nach diesen zwei Reitlektionen. Und auch mein Pferd lief am Ende der Lektion total locker und zufrieden. Das sch\u00f6nste ist, dass ich mit ein paar einfachen \u00dcbungen diesen Zustand bis jetzt erhalten konnte und die Kommunikation mit meinem Pferd dadurch viel besser wurde. Mein herzlichster Dank geh\u00f6rt Eckart Meyners, der diese \u00dcbungen entwickelt hat und nat\u00fcrlich Katrin Meyer, die das ganze mit soviel Sachverstand, Einf\u00fchlungsverm\u00f6gen und Fr\u00f6hlichkeit so erfolgreich umsetzt, dass man ihr die manchmal doch recht schmerzhaften Griffe sofort wieder verzeiht. Ich werde mir ihren n\u00e4chsten Kurs keinesfalls entgehen lassen. <em>Sabine Rohrer<\/em>&#8220;<\/p>\nngg_shortcode_0_placeholder\n","protected":false},"excerpt":{"rendered":"<p>&#8222;F\u00fcr mich sind Pferde ein St\u00fcck Kulturgut, die Reiterei eine Tradition, die gepflegt und erhalten werden muss. Sie st\u00e4rkt die Pers\u00f6nlichkeit und den Charakter des Menschen. Ganz gleich, welche Rasse oder welchen Ausbildungsstand das Pferd besitzt, jedes Pferd kann sich verbessern und in seinem Niveau weiter kommen.&#8220; Kontakt: Katrin Meyer Talstrasse 1 50170 Kerpen Tel.: 0173\/785 00 56 katrinschweiz@hotmail.com www.katrin-meyer.de Lebenslauf 1991-1994 Berufslehre als Pferdewirt H. Staub B\u00e4retswil (Schweiz) 1994-2001 T\u00e4tigkeit als Bereiter bei Klaus Balkenhol, Michael Deters Vorstellen verschiedener Pferde bis zur Klasse S 2001 Pferdewirtschaftsmeisterpr\u00fcfung mit Stensbeck-Plakette 2001-2003 Selbstst\u00e4ndige T\u00e4tigkeit als Pferdewirtschaftsmeisterin Regelm\u00e4ssige Betreuung des RV Bad Driburg Erteilung von Lehrg\u00e4ngen in den USA 2003-2006 Dressurstall \u201eTejas-Verdes\u201c (Chile) Mario Vargas Betreuung verschiedener s\u00fcdamerikanischer L\u00e4nder im Namen der FEI 2006 bis heute Freiberufliche T\u00e4tigkeit auf dem Verlacher Hof in Hilden 2008 Weiterbildung zum Bewegungstrainer (EM) Schulungsort\/Mindestteilnehmerzahl: * auf eigener Anlage * mobil ab 5 Teilnehmern Referenzen 2015 Feb\/M\u00e4rz Bewegungstraining EM, Hof Schmid, Brand 4, 6205 Eich, Schweiz Bewegungstraining EM, Gut Anstelburg, Kerpen Buir Bewegungstraining EM, Sarnen, Schweiz 2013 Kurs bei &#8222;Reitunterricht Mensch-und Pferdegerecht&#8220; Ich habe bei den Kursen von Katrin viel f\u00fcr meinen eigenen Sitz und die Reitstunden meiner Sch\u00fcler profitiert. Es erstaunte mich immer wieder, wie man mit diesen \u00dcbungen eine deutliche Verbesserung des Sitzes erzielen kann. Auch oder gerade bei Sitzproblemen, mit denen der Reiter schon lange k\u00e4mpfte, waren die \u00dcbungen sehr hilfreich. Katrin hat die \u00dcbungen und Zusammenh\u00e4nge sehr gut und verst\u00e4ndlich erkl\u00e4rt und es herrschte eine angenehme Atmosph\u00e4re. Ich kommen gerne wieder an den n\u00e4chsten Fortbildungskurs. Bewegungstraining Sarnen (Schweiz) 27\/28 Februar 2010 &#8222;Locker vom Hocker \u2013 Bewegungstraining nach EM mit Katrin Meyer Meine Teilnahme an Bewegungstraining\/Sitzschulung nach Eckart Meyners mit Katrin Meyer war ein reiterliches Erlebnis der besonderen Art. Ich bin eine Sp\u00e4teinsteigerin, habe ich doch erst mit 37 Jahren mit Reitunterricht begonnen. Mittlerweile bin ich zwar weitere 12 Jahre \u00e4lter, aber nicht unbedingt geschmeidig-beweglicher geworden. Meine Schulterschmerzen waren schon lange ein Dauerzustand und dies schr\u00e4nkten meine Beweglichkeit immer mehr ein. Wie oft habe ich schon auf Anweisung von Reitlehrern \u201ekrampfhaft\u201c versucht meine Schultern locker h\u00e4ngen zu lassen \u2013 ohne Erfolg. W\u00e4hrend des Trainings hat Katrin diese Blockaden im Oberk\u00f6rper sofort entdeckt und ist diese beharrlich angegangen. Die Techniken w\u00fcrde ich jetzt nicht alle als angenehm bezeichnen, aber sie sind enorm effektiv. Man reitet los und f\u00fchlt es sofort, ohne Anweisungen. Obwohl ich mir seit Jahren 1 x pro Monat eine Massage g\u00f6nne, war ich noch nie so gel\u00f6st und frei wie nach diesen zwei Reitlektionen. Und auch mein Pferd lief am Ende der Lektion total locker und zufrieden. Das sch\u00f6nste ist, dass ich mit ein paar einfachen \u00dcbungen diesen Zustand bis jetzt erhalten konnte und die Kommunikation mit meinem Pferd dadurch viel besser wurde. Mein herzlichster Dank geh\u00f6rt Eckart Meyners, der diese \u00dcbungen entwickelt hat und nat\u00fcrlich Katrin Meyer, die das ganze mit soviel Sachverstand, Einf\u00fchlungsverm\u00f6gen und Fr\u00f6hlichkeit so erfolgreich umsetzt, dass man ihr die manchmal doch recht schmerzhaften Griffe sofort wieder verzeiht. Ich werde mir ihren n\u00e4chsten Kurs keinesfalls entgehen lassen. Sabine Rohrer&#8220;<\/p>\n","protected":false},"author":61,"featured_media":0,"parent":395,"menu_order":40,"comment_status":"closed","ping_status":"closed","template":"","meta":{"ngg_post_thumbnail":0},"acf":[],"_links":{"self":[{"href":"https:\/\/www.bewegungstrainer-em.org\/index.php\/wp-json\/wp\/v2\/pages\/390"}],"collection":[{"href":"https:\/\/www.bewegungstrainer-em.org\/index.php\/wp-json\/wp\/v2\/pages"}],"about":[{"href":"https:\/\/www.bewegungstrainer-em.org\/index.php\/wp-json\/wp\/v2\/types\/page"}],"author":[{"embeddable":true,"href":"https:\/\/www.bewegungstrainer-em.org\/index.php\/wp-json\/wp\/v2\/users\/61"}],"replies":[{"embeddable":true,"href":"https:\/\/www.bewegungstrainer-em.org\/index.php\/wp-json\/wp\/v2\/comments?post=390"}],"version-history":[{"count":25,"href":"https:\/\/www.bewegungstrainer-em.org\/index.php\/wp-json\/wp\/v2\/pages\/390\/revisions"}],"predecessor-version":[{"id":4387,"href":"https:\/\/www.bewegungstrainer-em.org\/index.php\/wp-json\/wp\/v2\/pages\/390\/revisions\/4387"}],"up":[{"embeddable":true,"href":"https:\/\/www.bewegungstrainer-em.org\/index.php\/wp-json\/wp\/v2\/pages\/395"}],"wp:attachment":[{"href":"https:\/\/www.bewegungstrainer-em.org\/index.php\/wp-json\/wp\/v2\/media?parent=390"}],"curies":[{"name":"wp","href":"https:\/\/api.w.org\/{rel}","templated":true}]}}