{"id":485,"date":"2010-05-20T19:44:06","date_gmt":"2010-05-20T19:44:06","guid":{"rendered":"http:\/\/www.bewegungstrainer-em.org\/wordpress2\/?page_id=485"},"modified":"2020-06-23T15:42:56","modified_gmt":"2020-06-23T15:42:56","slug":"tanja-schulze-04159-leipzig","status":"publish","type":"page","link":"https:\/\/www.bewegungstrainer-em.org\/index.php\/trainerverzeichnis\/bewegungstrainer-sachsen\/tanja-schulze-04159-leipzig\/","title":{"rendered":"Tanja Schulze, 04159 Leipzig"},"content":{"rendered":"<p><img decoding=\"async\" loading=\"lazy\" class=\"alignnone size-medium wp-image-2402\" title=\"portrait-tanja-schulze-neu\" src=\"https:\/\/www.bewegungstrainer-em.org\/wp-content\/uploads\/2010\/05\/portrait-tanja-schulze-neu-200x300.jpg\" alt=\"\" width=\"200\" height=\"300\" srcset=\"https:\/\/www.bewegungstrainer-em.org\/wp-content\/uploads\/2010\/05\/portrait-tanja-schulze-neu-200x300.jpg 200w, https:\/\/www.bewegungstrainer-em.org\/wp-content\/uploads\/2010\/05\/portrait-tanja-schulze-neu-100x150.jpg 100w, https:\/\/www.bewegungstrainer-em.org\/wp-content\/uploads\/2010\/05\/portrait-tanja-schulze-neu.jpg 400w\" sizes=\"(max-width: 200px) 100vw, 200px\" \/><\/p>\n<p><strong>&#8222;Das Pferd kann sich nur so gut bewegen, wie der Reiter es zul\u00e4sst&#8220;<\/strong> (Eckart Meyners)<\/p>\n<p>Viele Reiter haben Probleme mit dem Sitz. Bei dem einem wackeln die Unterschenkel zu stark, der andere f\u00fchlt sich beim Aussitzen im Trab unwohl, ein weiterer hat unruhige H\u00e4nde. Herk\u00f6mmlicher Reitunterricht st\u00f6\u00dft da an seine Grenzen. Denn oft liegen die Probleme der Reiter nicht dort, wo sie gesehen werden. Funktionale \u00dcbungen k\u00f6nnen hier helfen, den Sitz geschmeidiger, ausbalancierter und harmonischer zu machen. Mit meiner Ausbildung als Bewegungstrainerin EM bei Eckart Meyners pers\u00f6nlich bin ich in der Lage, Ihnen bei Ihren Problemen zu helfen. Damit Sie in einen harmonischen Dialog mit Ihrem Pferd gelangen. Ich freue mich auf Sie und Ihr Pferd.<\/p>\n<p><strong>Kontaktdaten<\/strong><\/p>\n<table style=\"height: 152px;\" width=\"300\">\n<tbody>\n<tr>\n<td>Name<\/td>\n<td>Tanja Schulze<\/td>\n<\/tr>\n<tr>\n<td>Ort<\/td>\n<td>04159 Leipzig<\/td>\n<\/tr>\n<tr>\n<td>Mobil<\/td>\n<td>0172-3470262<\/td>\n<\/tr>\n<tr>\n<td>e-mail<\/td>\n<td><a href=\"mailto:bewegungstrainer-em@web.de\">bewegungstrainer-em@web.de<\/a><\/td>\n<\/tr>\n<tr>\n<td>Website<\/td>\n<td><a href=\"http:\/\/www.reiten-und-bewegen.de\">www.reiten-und-bewegen.de<\/a><\/td>\n<\/tr>\n<\/tbody>\n<\/table>\n<p><strong>Werdegang<\/strong><\/p>\n<table style=\"height: 152px;\" width=\"525\">\n<tbody>\n<tr>\n<td>1994-1997<\/td>\n<td>Ausbildung zur Pferdewirtin Schwerpunkt Reiten<\/td>\n<\/tr>\n<tr>\n<td>1997-2006<\/td>\n<td>Anstellung als Pferdewirtin Schwerpunkt Reiten in verschiedenen St\u00e4llen u.a. Egon von Neindorff (1999), Michael Konzag (2002 -2006)<\/td>\n<\/tr>\n<tr>\n<td>seit 2007<\/td>\n<td>selbst\u00e4ndige Reitlehrerin in Leipzig und Umgebung<\/td>\n<\/tr>\n<tr>\n<td>2000<\/td>\n<td>erfolgreicher Abschluss zum Pferdewirtschaftsmeister Zucht und Haltung<\/td>\n<\/tr>\n<tr>\n<td>2001<\/td>\n<td>erfolgreicher Abschluss zum Pferdewirtschaftsmeister Reiten<\/td>\n<\/tr>\n<tr>\n<td>2009<\/td>\n<td>Weiterqualifikation zum Bewegungstrainer EM<\/td>\n<\/tr>\n<tr>\n<td>2010<\/td>\n<td>seit November Turnierrichter B, DL, SL<\/td>\n<\/tr>\n<\/tbody>\n<\/table>\n<p><strong>Schulungsort\/Mindestteilnehmerzahl<\/strong><\/p>\n<p>Ich komme zu jedem, der gerne eine Sitzschulung haben m\u00f6chte.<br \/>\nOb Turnier-, Freizeit-, Western- oder Islandpferdereiter, Profi oder Anf\u00e4nger: eine Sitzschulung ist f\u00fcr jeden Reiter!<\/p>\n<p><strong>Referenzen<\/strong><\/p>\n<p><strong>2014<\/strong><\/p>\n<p><em>September<\/em><br \/>\nBewegungslehre plus mit Michael Rohrmann im Leipziger Raum<\/p>\n<p><em>April<\/em><br \/>\nSeminar in Oberloosa<br \/>\n<em>M\u00e4rz<\/em><br \/>\nSeminare in:<br \/>\nMagdeburg, Wittenberg<br \/>\n<em>Februar<\/em><br \/>\nSeminar in Kamenz<\/p>\n<p><strong><br \/>\n2013<\/strong><br \/>\n<em>Dezember<\/em><br \/>\nSeminar in:<br \/>\nBad Langensalza<\/p>\n<p><em>November<\/em><br \/>\nSeminare in:<br \/>\nWittenberg<br \/>\nLeipzig<br \/>\nMagdeburg<\/p>\n<p><strong>Seit 2009: <\/strong> regelm\u00e4\u00dfige Sitzschulungen in Leipzig, Wittenberg, Magdeburg, Dresden, Plauen, M\u00fccheln, Bad Langensalza, Linda bei Apolda u.v.a. St\u00e4lle<\/p>\n<p><strong>2009<\/strong><\/p>\n<p><em>Juni <\/em><br \/>\n1-Tages-Lehrgang im HSC am Elsterbogen e.V. mit 8 Teilnehmern<\/p>\n<p><em>Oktober<\/em><br \/>\n1-Tages-Lehrgang im HSC am Elsterbogen e.V. mit 7 Teilnehmern<\/p>\n<p><strong>2010<\/strong><\/p>\n<p><em>Mai<\/em><br \/>\n1-Tages-Lehrgang im HSC am Elsterbogen e.V. mit 8 Teilnehmern<\/p>\n<p><em>Mai<\/em><br \/>\nStall Paul in Wittenberg mit 7 Teilnehmern<\/p>\nngg_shortcode_0_placeholder\n","protected":false},"excerpt":{"rendered":"<p>&#8222;Das Pferd kann sich nur so gut bewegen, wie der Reiter es zul\u00e4sst&#8220; (Eckart Meyners) Viele Reiter haben Probleme mit dem Sitz. Bei dem einem wackeln die Unterschenkel zu stark, der andere f\u00fchlt sich beim Aussitzen im Trab unwohl, ein weiterer hat unruhige H\u00e4nde. Herk\u00f6mmlicher Reitunterricht st\u00f6\u00dft da an seine Grenzen. Denn oft liegen die Probleme der Reiter nicht dort, wo sie gesehen werden. Funktionale \u00dcbungen k\u00f6nnen hier helfen, den Sitz geschmeidiger, ausbalancierter und harmonischer zu machen. Mit meiner Ausbildung als Bewegungstrainerin EM bei Eckart Meyners pers\u00f6nlich bin ich in der Lage, Ihnen bei Ihren Problemen zu helfen. Damit Sie in einen harmonischen Dialog mit Ihrem Pferd gelangen. Ich freue mich auf Sie und Ihr Pferd. Kontaktdaten Name Tanja Schulze Ort 04159 Leipzig Mobil 0172-3470262 e-mail bewegungstrainer-em@web.de Website www.reiten-und-bewegen.de Werdegang 1994-1997 Ausbildung zur Pferdewirtin Schwerpunkt Reiten 1997-2006 Anstellung als Pferdewirtin Schwerpunkt Reiten in verschiedenen St\u00e4llen u.a. Egon von Neindorff (1999), Michael Konzag (2002 -2006) seit 2007 selbst\u00e4ndige Reitlehrerin in Leipzig und Umgebung 2000 erfolgreicher Abschluss zum Pferdewirtschaftsmeister Zucht und Haltung 2001 erfolgreicher Abschluss zum Pferdewirtschaftsmeister Reiten 2009 Weiterqualifikation zum Bewegungstrainer EM 2010 seit November Turnierrichter B, DL, SL Schulungsort\/Mindestteilnehmerzahl Ich komme zu jedem, der gerne eine Sitzschulung haben m\u00f6chte. Ob Turnier-, Freizeit-, Western- oder Islandpferdereiter, Profi oder Anf\u00e4nger: eine Sitzschulung ist f\u00fcr jeden Reiter! Referenzen 2014 September Bewegungslehre plus mit Michael Rohrmann im Leipziger Raum April Seminar in Oberloosa M\u00e4rz Seminare in: Magdeburg, Wittenberg Februar Seminar in Kamenz 2013 Dezember Seminar in: Bad Langensalza November Seminare in: Wittenberg Leipzig Magdeburg Seit 2009: regelm\u00e4\u00dfige Sitzschulungen in Leipzig, Wittenberg, Magdeburg, Dresden, Plauen, M\u00fccheln, Bad Langensalza, Linda bei Apolda u.v.a. St\u00e4lle 2009 Juni 1-Tages-Lehrgang im HSC am Elsterbogen e.V. mit 8 Teilnehmern Oktober 1-Tages-Lehrgang im HSC am Elsterbogen e.V. mit 7 Teilnehmern 2010 Mai 1-Tages-Lehrgang im HSC am Elsterbogen e.V. mit 8 Teilnehmern Mai Stall Paul in Wittenberg mit 7 Teilnehmern<\/p>\n","protected":false},"author":61,"featured_media":0,"parent":483,"menu_order":20,"comment_status":"closed","ping_status":"closed","template":"","meta":{"ngg_post_thumbnail":0},"acf":[],"_links":{"self":[{"href":"https:\/\/www.bewegungstrainer-em.org\/index.php\/wp-json\/wp\/v2\/pages\/485"}],"collection":[{"href":"https:\/\/www.bewegungstrainer-em.org\/index.php\/wp-json\/wp\/v2\/pages"}],"about":[{"href":"https:\/\/www.bewegungstrainer-em.org\/index.php\/wp-json\/wp\/v2\/types\/page"}],"author":[{"embeddable":true,"href":"https:\/\/www.bewegungstrainer-em.org\/index.php\/wp-json\/wp\/v2\/users\/61"}],"replies":[{"embeddable":true,"href":"https:\/\/www.bewegungstrainer-em.org\/index.php\/wp-json\/wp\/v2\/comments?post=485"}],"version-history":[{"count":29,"href":"https:\/\/www.bewegungstrainer-em.org\/index.php\/wp-json\/wp\/v2\/pages\/485\/revisions"}],"predecessor-version":[{"id":3796,"href":"https:\/\/www.bewegungstrainer-em.org\/index.php\/wp-json\/wp\/v2\/pages\/485\/revisions\/3796"}],"up":[{"embeddable":true,"href":"https:\/\/www.bewegungstrainer-em.org\/index.php\/wp-json\/wp\/v2\/pages\/483"}],"wp:attachment":[{"href":"https:\/\/www.bewegungstrainer-em.org\/index.php\/wp-json\/wp\/v2\/media?parent=485"}],"curies":[{"name":"wp","href":"https:\/\/api.w.org\/{rel}","templated":true}]}}