{"id":5,"date":"2010-02-04T19:33:45","date_gmt":"2010-02-04T19:33:45","guid":{"rendered":"http:\/\/www.bewegungstrainer-em.org\/wordpress\/?page_id=5"},"modified":"2023-01-06T18:34:09","modified_gmt":"2023-01-06T18:34:09","slug":"eckart-meyners","status":"publish","type":"page","link":"https:\/\/www.bewegungstrainer-em.org\/index.php\/eckart-meyners\/","title":{"rendered":"Eckart Meyners"},"content":{"rendered":"<table>\n<tbody>\n<tr>\n<td><a href=\"https:\/\/www.bewegungstrainer-em.org\/wp-content\/uploads\/2010\/02\/eckart-meyners_kl2.jpg\"><img decoding=\"async\" loading=\"lazy\" class=\"alignnone wp-image-323\" title=\"eckart meyners_kl\" src=\"https:\/\/www.bewegungstrainer-em.org\/wp-content\/uploads\/2010\/02\/eckart-meyners_kl2.jpg\" alt=\"portrait eckart meyners\" width=\"270\" height=\"412\" srcset=\"https:\/\/www.bewegungstrainer-em.org\/wp-content\/uploads\/2010\/02\/eckart-meyners_kl2.jpg 385w, https:\/\/www.bewegungstrainer-em.org\/wp-content\/uploads\/2010\/02\/eckart-meyners_kl2-196x300.jpg 196w, https:\/\/www.bewegungstrainer-em.org\/wp-content\/uploads\/2010\/02\/eckart-meyners_kl2-98x150.jpg 98w\" sizes=\"(max-width: 270px) 100vw, 270px\" \/><\/a><\/td>\n<td><strong>Ver\u00f6ffentlichungen:<\/strong><br \/>\n<a href=\"https:\/\/www.bewegungstrainer-em.org\/wp-content\/uploads\/2010\/02\/Reitvero\u0308ffentlichungen-2.pdf\">Reitver\u00f6ffentlichungen<\/a><br \/>\n<a href=\"https:\/\/www.bewegungstrainer-em.org\/wp-content\/uploads\/2010\/02\/Sportpa\u0308dagogische-Vero\u0308ffentlichungen.pdf\">Sportp\u00e4dagogische Ver\u00f6ffentlichungen<\/a><br \/>\n<a href=\"https:\/\/www.bewegungstrainer-em.org\/wp-content\/uploads\/2010\/02\/Gesamtvero\u0308ffentlichungen-2.pdf\">Gesamtver\u00f6ffentlichungen<\/a><\/td>\n<\/tr>\n<\/tbody>\n<\/table>\n<p>Eckart Meyners, Jahrgang 1943, ist verheiratet und hat 3 erwachsene Kinder. Er ist Akad. Oberrat i.R. und war 38 \u00bd Jahre als Dozent f\u00fcr Sportp\u00e4dagogik an der Leuphana Universit\u00e4t L\u00fcneburg t\u00e4tig. Er leitete in letzten 6 Dienstjahren das Institut f\u00fcr Spiel- und Bewegungserziehung. Seine Forschungs- und Lehrschwerpunkte sind Bewegungslehre, Gesundheitserziehung, Leichtathletik, R\u00fcckschlagspiele, Reitp\u00e4da-gogik. Er lehrte in den Bachelor- und Masterstudieng\u00e4ngen Lehrerbildung f\u00fcr die Primarstufe, Sekundarstufe I, Lehramt an Berufsbildenden Schulen, Diplom-P\u00e4dagogik sowie im Studiengang Angewandte Kulturwissenschaften im Studienfach Spiel- und Bewegungskultur. Es ist ihm gelungen, Reiten und Reitp\u00e4dagogik als Lehr- und Forschungsgebiete universit\u00e4r einzuf\u00fchren. L\u00fcneburg ist die bisher einzige Universit\u00e4t, an der Lehramtsstudenten des Faches Sport Reiten als eine ihrer obligatorisch zu absolvierenden Sportarten w\u00e4hlen k\u00f6nnen.<\/p>\n<p>Seit 1976 widmet er sich Fragen der Didaktik des Reitens und speziell des Bewegungslernens im Reiten. Da die Reitlehre als Bewegungslehre f\u00fcr das Pferd gilt, sie aber keine Bewegungslehre des Menschen enth\u00e4lt, hat Meyners in diesem Defizit die Chance gesehen, den Reitern, Ausbildern und Richtern die Vielf\u00e4ltigkeit des menschlichen Bewegungslernens durchschaubar zu machen. Bisher dokumentieren mehr als 20 eigene B\u00fccher\/Brosch\u00fcren und 230 Aufs\u00e4tze mit reitp\u00e4dagogischen Themen in unterschiedlichen sportp\u00e4dagogischen und reitfachlichen Zeitschriften seine Denkweise \u00fcber den Menschen im Reitsport. Insgesamt ver\u00f6ffentlichte er als Autor und Co-Autor \u00fcber 40 B\u00fccher\/Brosch\u00fcren und 360 Aufs\u00e4tze \u00fcber Sport- und reitp\u00e4dagogische Themen.<\/p>\n<p>Dar\u00fcber hinaus hat er die Idee des Balimo (Firma Advinova) entwickelt, der von Reitern und im R\u00fccken belasteten Menschen mit Erfolg genutzt wird. Seit 2008 ist nach seiner Methode eine Zusatzqualifikation \u201eBewegungstrainer EM\u201c f\u00fcr Berufsreitlehrer benannt worden.<\/p>\n<p><strong>Kontaktdaten<\/strong><\/p>\n<p>Eckart Meyners<br \/>\nSoltauer Str. 103,<br \/>\n21335 L\u00fcneburg<\/p>\n<p><a href=\"mailto:emeyners@arcor.de\">emeyners@arcor.de<\/a><\/p>\n<p><strong>Weitere Funktionen:<\/strong><\/p>\n<ul>\n<li>Mitglied im Arbeitskreis &#8222;Reiten im Schulsport&#8220; der FN<\/li>\n<li>Mitglied des Ausschuss Ausbildung des Pferdesportverbands Hannover<\/li>\n<li>Referent bei Landestrainertagungen<\/li>\n<li>Referent bei Richtertagungen<\/li>\n<li>Referent bei Tagungen der Abteilung Ausbildung und Wissenschaft der FN<\/li>\n<li>Lehrbeauftragter bei Pferdewirtschaftsmeisterlehrg\u00e4ngen an der Deutschen Reitschule, an der Westf\u00e4lischen Reit- und Fahrschule M\u00fcnster-Handorf und bei Diplom-Trainern Reiten der Trainerakademie<\/li>\n<li>Referent bei Tagungen der Organisation Forschung F\u00fcr Pferde (FFP \u2013 Dr. A. Lindner)<\/li>\n<li>Referent der Ausbildung des Fachbetreuers im Therapeutischen Reiten<\/li>\n<li>Referent bei Berufsreitertagungen mit den Themen Bewegung und Unterrichtserteilung<\/li>\n<li>Referent bei Lehrg\u00e4ngen in mehreren europ\u00e4ischen L\u00e4ndern und in den USA<\/li>\n<li>st\u00e4ndiger Mitarbeiter u. a. der Dressurstudien, Kavallo (Schweiz)<\/li>\n<li>seit 2005 Training mit Heike Kemmer (Gewinnerin der Mannschafts-Goldmedaille Dressur und Bronzemedaille Einzel der Dressur in Peking)<\/li>\n<li>Mitglied des Arbeitskreises der Uelzener Versicherung \u201eVerstehe Dein Pferd\u201c<\/li>\n<li>Integration des Meyners-Konzepts (Bewegungsberater) in den Ausbildungsgang \u201eReiten als Gesundheitssport\u201c (Dr. Ch. Heipertz-Hengst)<\/li>\n<\/ul>\n<p>&nbsp;<\/p>\nngg_shortcode_0_placeholder\n","protected":false},"excerpt":{"rendered":"<p>Ver\u00f6ffentlichungen: Reitver\u00f6ffentlichungen Sportp\u00e4dagogische Ver\u00f6ffentlichungen Gesamtver\u00f6ffentlichungen Eckart Meyners, Jahrgang 1943, ist verheiratet und hat 3 erwachsene Kinder. Er ist Akad. Oberrat i.R. und war 38 \u00bd Jahre als Dozent f\u00fcr Sportp\u00e4dagogik an der Leuphana Universit\u00e4t L\u00fcneburg t\u00e4tig. Er leitete in letzten 6 Dienstjahren das Institut f\u00fcr Spiel- und Bewegungserziehung. Seine Forschungs- und Lehrschwerpunkte sind Bewegungslehre, Gesundheitserziehung, Leichtathletik, R\u00fcckschlagspiele, Reitp\u00e4da-gogik. Er lehrte in den Bachelor- und Masterstudieng\u00e4ngen Lehrerbildung f\u00fcr die Primarstufe, Sekundarstufe I, Lehramt an Berufsbildenden Schulen, Diplom-P\u00e4dagogik sowie im Studiengang Angewandte Kulturwissenschaften im Studienfach Spiel- und Bewegungskultur. Es ist ihm gelungen, Reiten und Reitp\u00e4dagogik als Lehr- und Forschungsgebiete universit\u00e4r einzuf\u00fchren. L\u00fcneburg ist die bisher einzige Universit\u00e4t, an der Lehramtsstudenten des Faches Sport Reiten als eine ihrer obligatorisch zu absolvierenden Sportarten w\u00e4hlen k\u00f6nnen. Seit 1976 widmet er sich Fragen der Didaktik des Reitens und speziell des Bewegungslernens im Reiten. Da die Reitlehre als Bewegungslehre f\u00fcr das Pferd gilt, sie aber keine Bewegungslehre des Menschen enth\u00e4lt, hat Meyners in diesem Defizit die Chance gesehen, den Reitern, Ausbildern und Richtern die Vielf\u00e4ltigkeit des menschlichen Bewegungslernens durchschaubar zu machen. Bisher dokumentieren mehr als 20 eigene B\u00fccher\/Brosch\u00fcren und 230 Aufs\u00e4tze mit reitp\u00e4dagogischen Themen in unterschiedlichen sportp\u00e4dagogischen und reitfachlichen Zeitschriften seine Denkweise \u00fcber den Menschen im Reitsport. Insgesamt ver\u00f6ffentlichte er als Autor und Co-Autor \u00fcber 40 B\u00fccher\/Brosch\u00fcren und 360 Aufs\u00e4tze \u00fcber Sport- und reitp\u00e4dagogische Themen. Dar\u00fcber hinaus hat er die Idee des Balimo (Firma Advinova) entwickelt, der von Reitern und im R\u00fccken belasteten Menschen mit Erfolg genutzt wird. Seit 2008 ist nach seiner Methode eine Zusatzqualifikation \u201eBewegungstrainer EM\u201c f\u00fcr Berufsreitlehrer benannt worden. Kontaktdaten Eckart Meyners Soltauer Str. 103, 21335 L\u00fcneburg emeyners@arcor.de Weitere Funktionen: Mitglied im Arbeitskreis &#8222;Reiten im Schulsport&#8220; der FN Mitglied des Ausschuss Ausbildung des Pferdesportverbands Hannover Referent bei Landestrainertagungen Referent bei Richtertagungen Referent bei Tagungen der Abteilung Ausbildung und Wissenschaft der FN Lehrbeauftragter bei Pferdewirtschaftsmeisterlehrg\u00e4ngen an der Deutschen Reitschule, an der Westf\u00e4lischen Reit- und Fahrschule M\u00fcnster-Handorf und bei Diplom-Trainern Reiten der Trainerakademie Referent bei Tagungen der Organisation Forschung F\u00fcr Pferde (FFP \u2013 Dr. A. Lindner) Referent der Ausbildung des Fachbetreuers im Therapeutischen Reiten Referent bei Berufsreitertagungen mit den Themen Bewegung und Unterrichtserteilung Referent bei Lehrg\u00e4ngen in mehreren europ\u00e4ischen L\u00e4ndern und in den USA st\u00e4ndiger Mitarbeiter u. a. der Dressurstudien, Kavallo (Schweiz) seit 2005 Training mit Heike Kemmer (Gewinnerin der Mannschafts-Goldmedaille Dressur und Bronzemedaille Einzel der Dressur in Peking) Mitglied des Arbeitskreises der Uelzener Versicherung \u201eVerstehe Dein Pferd\u201c Integration des Meyners-Konzepts (Bewegungsberater) in den Ausbildungsgang \u201eReiten als Gesundheitssport\u201c (Dr. Ch. Heipertz-Hengst) &nbsp;<\/p>\n","protected":false},"author":61,"featured_media":3354,"parent":0,"menu_order":10,"comment_status":"closed","ping_status":"closed","template":"","meta":{"ngg_post_thumbnail":0},"acf":[],"_links":{"self":[{"href":"https:\/\/www.bewegungstrainer-em.org\/index.php\/wp-json\/wp\/v2\/pages\/5"}],"collection":[{"href":"https:\/\/www.bewegungstrainer-em.org\/index.php\/wp-json\/wp\/v2\/pages"}],"about":[{"href":"https:\/\/www.bewegungstrainer-em.org\/index.php\/wp-json\/wp\/v2\/types\/page"}],"author":[{"embeddable":true,"href":"https:\/\/www.bewegungstrainer-em.org\/index.php\/wp-json\/wp\/v2\/users\/61"}],"replies":[{"embeddable":true,"href":"https:\/\/www.bewegungstrainer-em.org\/index.php\/wp-json\/wp\/v2\/comments?post=5"}],"version-history":[{"count":76,"href":"https:\/\/www.bewegungstrainer-em.org\/index.php\/wp-json\/wp\/v2\/pages\/5\/revisions"}],"predecessor-version":[{"id":4193,"href":"https:\/\/www.bewegungstrainer-em.org\/index.php\/wp-json\/wp\/v2\/pages\/5\/revisions\/4193"}],"wp:featuredmedia":[{"embeddable":true,"href":"https:\/\/www.bewegungstrainer-em.org\/index.php\/wp-json\/wp\/v2\/media\/3354"}],"wp:attachment":[{"href":"https:\/\/www.bewegungstrainer-em.org\/index.php\/wp-json\/wp\/v2\/media?parent=5"}],"curies":[{"name":"wp","href":"https:\/\/api.w.org\/{rel}","templated":true}]}}