{"id":600,"date":"2010-05-29T18:42:52","date_gmt":"2010-05-29T18:42:52","guid":{"rendered":"http:\/\/www.bewegungstrainer-em.org\/wordpress2\/?page_id=600"},"modified":"2014-06-12T07:44:27","modified_gmt":"2014-06-12T07:44:27","slug":"bettina-gieck-christoph-71129-leonberg-gebersheim","status":"publish","type":"page","link":"https:\/\/www.bewegungstrainer-em.org\/index.php\/trainerverzeichnis\/bewegungstrainer-baden-wurttemberg\/bettina-gieck-christoph-71129-leonberg-gebersheim\/","title":{"rendered":"Bettina Gieck-Christoph, 71129 Leonberg-Gebersheim"},"content":{"rendered":"<p><a href=\"https:\/\/www.bewegungstrainer-em.org\/wp-content\/uploads\/2010\/05\/bettina-gieck-portrait.jpg\"><img decoding=\"async\" loading=\"lazy\" class=\"alignnone size-full wp-image-630\" title=\"bettina gieck portrait\" src=\"https:\/\/www.bewegungstrainer-em.org\/wp-content\/uploads\/2010\/05\/bettina-gieck-portrait.jpg\" alt=\"Portrait Bettina Gieck\" width=\"217\" height=\"326\" srcset=\"https:\/\/www.bewegungstrainer-em.org\/wp-content\/uploads\/2010\/05\/bettina-gieck-portrait.jpg 400w, https:\/\/www.bewegungstrainer-em.org\/wp-content\/uploads\/2010\/05\/bettina-gieck-portrait-200x300.jpg 200w, https:\/\/www.bewegungstrainer-em.org\/wp-content\/uploads\/2010\/05\/bettina-gieck-portrait-100x150.jpg 100w\" sizes=\"(max-width: 217px) 100vw, 217px\" \/><\/a><\/p>\n<p>&#8222;Durch meine Ausbildung zum Bewegungstrainer EM habe ich eine ganz andere Wahrnehmung beim Reiten bekommen. Mein K\u00f6rpergef\u00fchl ist Dank der vielen guten \u00dcbungen sehr viel empfindsamer f\u00fcr die Bewegung des Pferdes geworden und ich kann mich auf diese besser einlassen. Meine Pferde zeigen sich viel gehfreudiger und geschmeidiger. Endlich habe ich den Weg zum Reiten gefunden, der meiner Vorstellung entspricht. &#8220;<\/p>\n<p><strong>Kontaktdaten<\/strong><\/p>\n<table style=\"height: 152px;\" width=\"300\">\n<tbody>\n<tr>\n<td>Name<\/td>\n<td>Bettina Gieck-Christoph<\/td>\n<\/tr>\n<tr>\n<td>Adresse<\/td>\n<td>Sonnenhof<\/td>\n<\/tr>\n<tr>\n<td>Ort<\/td>\n<td>71129 Leonberg-Gebersheim<\/td>\n<\/tr>\n<tr>\n<td>Mobil<\/td>\n<td>0172 \/ 352 42 52<\/td>\n<\/tr>\n<tr>\n<td>e-mail<\/td>\n<td>tinigieck@yahoo.de<\/td>\n<\/tr>\n<\/tbody>\n<\/table>\n<p><strong>Werdegang<\/strong><\/p>\n<table style=\"height: 152px;\" width=\"525\">\n<tbody>\n<tr>\n<td><strong>Ausbildung Pferdewirt, Schwerpunkt Reiten<\/strong><\/td>\n<td><\/td>\n<\/tr>\n<tr>\n<td>1994 \u2013 1995<\/td>\n<td>Reitverein G\u00f6ppingen, J\u00f6rg Beerhenke<\/td>\n<\/tr>\n<tr>\n<td>1995 \u2013 1996<\/td>\n<td>Stall Eiben, M\u00fcnchberg, Franz Eichelsbacher<\/td>\n<\/tr>\n<tr>\n<td>2001<\/td>\n<td>Meisterpr\u00fcfung Pferdewirt, Schwerpunkt Zucht + Haltung<\/td>\n<\/tr>\n<tr>\n<td>2008<\/td>\n<td>Bewegungstrainer EM<\/td>\n<\/tr>\n<tr>\n<td><strong>Berufliche Praxis<\/strong><\/td>\n<td><\/td>\n<\/tr>\n<tr>\n<td>1997<\/td>\n<td>Reitverein B\u00f6blingen, Thomas Michel (Springen)<\/td>\n<\/tr>\n<tr>\n<td>1998<\/td>\n<td>Turnier- und Ausbildungsstall Peter und Thies Luther (Springen), Pl\u00f6n<\/td>\n<\/tr>\n<tr>\n<td>1998<\/td>\n<td>Aufbau einer Reitschule im elterlichen landwirtschaftlichen Pensionspferdebetrieb<\/td>\n<\/tr>\n<tr>\n<td>2003<\/td>\n<td>Selbstst\u00e4ndige Betriebsleiterin der Reitschule<\/td>\n<\/tr>\n<tr>\n<td><\/td>\n<td>st\u00e4ndige reiterliche Weiterbildung (Dressur) bei<br \/>\nBernd Noske, Eberhard Geiger, Franz-Josef Hallerbach<\/td>\n<\/tr>\n<\/tbody>\n<\/table>\n<p><strong>Schulungsort\/Mindestteilnehmerzahl<\/strong><\/p>\n<ul>\n<li>Bewegungsseminare biete ich, je nach Wunsch, bei Ihnen auf der Anlage oder bei uns auf dem Sonnenhof an. Hier kann auch ein Lehrpferd gestellt werden.<br \/>\nEin 2-Tages-Seminar beispielsweise beinhaltet Anamnese, Gruppengymnastik und zwei Reiteinheiten.<\/li>\n<\/ul>\n<p><strong>Referenzen<\/strong><\/p>\n<p>Islandpferdegest\u00fct Lichtenberg<br \/>\nSonnenhof Gebersheim<br \/>\nBirkenhof Neuhausen<br \/>\nReitverein Rastatt<br \/>\nReitstall H\u00f6nig, Tiefenbronn<br \/>\nIPZV Baden-W\u00fcrttemberg<br \/>\nReitstall Streicher, Sachsenheim<\/p>\n","protected":false},"excerpt":{"rendered":"<p>&#8222;Durch meine Ausbildung zum Bewegungstrainer EM habe ich eine ganz andere Wahrnehmung beim Reiten bekommen. Mein K\u00f6rpergef\u00fchl ist Dank der vielen guten \u00dcbungen sehr viel empfindsamer f\u00fcr die Bewegung des Pferdes geworden und ich kann mich auf diese besser einlassen. Meine Pferde zeigen sich viel gehfreudiger und geschmeidiger. Endlich habe ich den Weg zum Reiten gefunden, der meiner Vorstellung entspricht. &#8220; Kontaktdaten Name Bettina Gieck-Christoph Adresse Sonnenhof Ort 71129 Leonberg-Gebersheim Mobil 0172 \/ 352 42 52 e-mail tinigieck@yahoo.de Werdegang Ausbildung Pferdewirt, Schwerpunkt Reiten 1994 \u2013 1995 Reitverein G\u00f6ppingen, J\u00f6rg Beerhenke 1995 \u2013 1996 Stall Eiben, M\u00fcnchberg, Franz Eichelsbacher 2001 Meisterpr\u00fcfung Pferdewirt, Schwerpunkt Zucht + Haltung 2008 Bewegungstrainer EM Berufliche Praxis 1997 Reitverein B\u00f6blingen, Thomas Michel (Springen) 1998 Turnier- und Ausbildungsstall Peter und Thies Luther (Springen), Pl\u00f6n 1998 Aufbau einer Reitschule im elterlichen landwirtschaftlichen Pensionspferdebetrieb 2003 Selbstst\u00e4ndige Betriebsleiterin der Reitschule st\u00e4ndige reiterliche Weiterbildung (Dressur) bei Bernd Noske, Eberhard Geiger, Franz-Josef Hallerbach Schulungsort\/Mindestteilnehmerzahl Bewegungsseminare biete ich, je nach Wunsch, bei Ihnen auf der Anlage oder bei uns auf dem Sonnenhof an. Hier kann auch ein Lehrpferd gestellt werden. Ein 2-Tages-Seminar beispielsweise beinhaltet Anamnese, Gruppengymnastik und zwei Reiteinheiten. Referenzen Islandpferdegest\u00fct Lichtenberg Sonnenhof Gebersheim Birkenhof Neuhausen Reitverein Rastatt Reitstall H\u00f6nig, Tiefenbronn IPZV Baden-W\u00fcrttemberg Reitstall Streicher, Sachsenheim<\/p>\n","protected":false},"author":61,"featured_media":0,"parent":575,"menu_order":10,"comment_status":"closed","ping_status":"closed","template":"","meta":{"ngg_post_thumbnail":0},"acf":[],"_links":{"self":[{"href":"https:\/\/www.bewegungstrainer-em.org\/index.php\/wp-json\/wp\/v2\/pages\/600"}],"collection":[{"href":"https:\/\/www.bewegungstrainer-em.org\/index.php\/wp-json\/wp\/v2\/pages"}],"about":[{"href":"https:\/\/www.bewegungstrainer-em.org\/index.php\/wp-json\/wp\/v2\/types\/page"}],"author":[{"embeddable":true,"href":"https:\/\/www.bewegungstrainer-em.org\/index.php\/wp-json\/wp\/v2\/users\/61"}],"replies":[{"embeddable":true,"href":"https:\/\/www.bewegungstrainer-em.org\/index.php\/wp-json\/wp\/v2\/comments?post=600"}],"version-history":[{"count":16,"href":"https:\/\/www.bewegungstrainer-em.org\/index.php\/wp-json\/wp\/v2\/pages\/600\/revisions"}],"predecessor-version":[{"id":625,"href":"https:\/\/www.bewegungstrainer-em.org\/index.php\/wp-json\/wp\/v2\/pages\/600\/revisions\/625"}],"up":[{"embeddable":true,"href":"https:\/\/www.bewegungstrainer-em.org\/index.php\/wp-json\/wp\/v2\/pages\/575"}],"wp:attachment":[{"href":"https:\/\/www.bewegungstrainer-em.org\/index.php\/wp-json\/wp\/v2\/media?parent=600"}],"curies":[{"name":"wp","href":"https:\/\/api.w.org\/{rel}","templated":true}]}}