{"id":826,"date":"2010-06-10T06:59:12","date_gmt":"2010-06-10T06:59:12","guid":{"rendered":"http:\/\/www.bewegungstrainer-em.org\/?page_id=826"},"modified":"2023-04-30T06:39:29","modified_gmt":"2023-04-30T06:39:29","slug":"katja-trillitzsch-90762-fuerth","status":"publish","type":"page","link":"https:\/\/www.bewegungstrainer-em.org\/index.php\/trainerverzeichnis\/bewegungstrainer-bayern\/katja-trillitzsch-90762-fuerth\/","title":{"rendered":"Katja Trillitzsch, 90762 F\u00fcrth"},"content":{"rendered":"<p>&nbsp;<\/p>\n<p><img decoding=\"async\" loading=\"lazy\" class=\"alignnone size-medium wp-image-1352\" title=\"katja_trillitzsch\" src=\"https:\/\/www.bewegungstrainer-em.org\/wp-content\/uploads\/2010\/06\/katja_trillitzsch-300x268.jpg\" alt=\"\" width=\"300\" height=\"268\" srcset=\"https:\/\/www.bewegungstrainer-em.org\/wp-content\/uploads\/2010\/06\/katja_trillitzsch-300x268.jpg 300w, https:\/\/www.bewegungstrainer-em.org\/wp-content\/uploads\/2010\/06\/katja_trillitzsch-150x134.jpg 150w, https:\/\/www.bewegungstrainer-em.org\/wp-content\/uploads\/2010\/06\/katja_trillitzsch-400x357.jpg 400w, https:\/\/www.bewegungstrainer-em.org\/wp-content\/uploads\/2010\/06\/katja_trillitzsch.jpg 799w\" sizes=\"(max-width: 300px) 100vw, 300px\" \/><\/p>\n<p><strong>AKTUELLE TERMINE:<\/strong><\/p>\n<div class=\"alignnone wp-image-4215 size-full\"><strong>Bewegungstraining nach Eckart Meyners <\/strong><\/div>\n<div class=\"alignnone wp-image-4215 size-full\"><strong>24.\/25. Juni 2023<\/strong><br \/>\nTheorie und Praxis<br \/>\nReitanlage Dana Schindler<br \/>\n91567 Herriden &#8211; Leuckresdorf<br \/>\nKontakt: 0152 &#8211; 538 447 33<\/div>\n<p>&nbsp;<\/p>\n<p><iframe loading=\"lazy\" src=\"https:\/\/www.youtube.com\/embed\/Xt0zUIc1SrE\" allowfullscreen=\"allowfullscreen\" data-mce-fragment=\"1\" width=\"1280\" height=\"853\" frameborder=\"0\"><\/iframe><\/p>\n<p><strong>&nbsp;<\/strong><\/p>\n<div class=\"\">&nbsp;<\/div>\n<div>&nbsp;<\/div>\n<p><strong>Kontaktdaten<\/strong><br \/>\nKatja Trillitzsch<br \/>\nLuisenstra\u00dfe 8<br \/>\n90762 F\u00fcrth<br \/>\nMobil: 0152 &#8211; 33 50 16 73<br \/>\n<a href=\"mailto:trikat2@web.de\">trikat2@web.de<\/a><br \/>\n<a href=\"http:\/\/www.kt-bewegungstraining.com\/bewegungstraining-em-reiten\/\">www.kt-bewegungstraining.com<\/a><br \/>\n&nbsp;<br \/>\n<strong>Werdegang<\/strong><\/p>\n<table width=\"400\">\n<tbody>\n<tr>\n<td>1989<\/td>\n<td>Pr\u00fcfung zum Pferdewirt \/ M\u00fcnchen<\/td>\n<\/tr>\n<tr>\n<td>1998<\/td>\n<td>Meisterpr\u00fcfung in M\u00fcnster, Westfalen-Lippe<\/td>\n<\/tr>\n<tr>\n<td>2005<\/td>\n<td>Diplom-Agraringenieur (FH), Fachhochschule Weihenstephan<\/td>\n<\/tr>\n<tr>\n<td>2008<\/td>\n<td>Pr\u00fcfung zum Bewegungstrainer EM<\/td>\n<\/tr>\n<tr>\n<td>M\u00e4rz 2011<\/td>\n<td>Life Kinetik Trainer<\/td>\n<\/tr>\n<\/tbody>\n<\/table>\n<p><strong>Schulungsort\/Mindestteilnehmerzahl<\/strong><br \/>\nAuf der Anlage Rank, in Taugenroth 11, 91737 Ornbau<br \/>\nmobil auch auf Wunsch auf fremder Anlage<\/p>\n<p><strong>Referenzen:<\/strong><\/p>\n<p><strong>2022<br \/>\n<\/strong>Bewegungstraining nach Eckart Meyners<br \/>\nReitanlage Oberrappendorf, 93437 Furth im Wald<\/p>\n<p>Bewegungstraining nach Eckart Meyners,<br \/>\nReithalle Fa. Fichtbauer, 86643 Rennertshofen<\/p>\n<p>Bewegungstraining nach Eckart Meyners,&nbsp;<span class=\"\">Theorie und Praxis<\/span><br \/>\n<span class=\"\">Reitschule Holledau, Ried&nbsp;<\/span><\/p>\n<p>Bewegungstraining nach Eckart Meyners, Theorie und Praxis, Dinkelsb\u00fchl<\/p>\n<div class=\"\">\n<div class=\"\">&nbsp;<\/div>\n<\/div>\n<p><strong>2021<\/strong><br \/>\nBewegungstraining nach Eckart Meyners<br \/>\n09.05.2021, Gut Rosenhof, 91586 Lichtenau<\/p>\n<p><strong>2020<\/strong><\/p>\n<p>25.\/26. Juli 2020 Stallgemeinschaft Unterfarrnbach, 90766 F\u00fcrth<br \/>\n4.\/5. Juli 2020 Talhof Korntal, 70825 Korntal-M\u00fcnchingen<br \/>\n27.\/28. Juni 2020 Streetcreekranch, 85229 Markt Indersdorf<br \/>\n13.\/14. Juni 2020 Bewegungstraining EM, Korihof, 85411 Herschenhofen<br \/>\n30.\/31. Mai 2020 Bewegungstraining EM, Riedm\u00fchlranch, 89443 Schwenningen<br \/>\n23.\/24. Mai 2020 Bewegungstraining EM, Reitanlage zur L\u00fcften,85072 Eichst\u00e4tt<br \/>\n14.\/15. M\u00e4rz 2020 Bewegungstraining nach Eckart Meyners, 85376 Massenhausen<br \/>\n&nbsp;<br \/>\n<strong>2019<\/strong><br \/>\n30.11\/01.12.19 2-Tage-Sitzschulung nach Eckart Meyners am KL Sofienhof, 92348 Berg<br \/>\n04.08.2019 Sitzschulung nach Eckart Meyners,Fjordpferde am Finsterbach\/Johanna Schmidt, 91154 Roth-Pruppach<br \/>\n05.10.2019 Bewegungstraining nach Eckart Meyers, Zeckern\/Hemhofen<br \/>\n12.\/13.10.2019 Bewegungstraining nach Eckart Meyers, Almhof Thann, 83607 Holzkirchen<br \/>\n&nbsp;<br \/>\n<strong> 2018<\/strong><br \/>\n28.\/29. April auf Gut Rothof 97633 Sulzfeld<br \/>\n9.10. Juni Riedm\u00fchlranch, 89443 Schwenningen<br \/>\n7.\/8. Juli 91286 Obertrubbach<\/p>\n<p><strong>Kontaktdaten<\/strong><br \/>\nKatja Trillitzsch<br \/>\nLuisenstra\u00dfe 8<br \/>\n90762 F\u00fcrth<br \/>\nMobil:0152 &#8211; 33 50 16 73<br \/>\n<a href=\"mailto:trikat2@web.de\">trikat2@web.de<\/a><br \/>\n<a href=\"http:\/\/www.kt-bewegungstraining.com\/bewegungstraining-em-reiten\/\">www.kt-bewegungstraining.com<\/a><br \/>\n&nbsp;<br \/>\n<strong>Werdegang<\/strong><\/p>\n<table width=\"400\">\n<tbody>\n<tr>\n<td>1989<\/td>\n<td>Pr\u00fcfung zum Pferdewirt \/ M\u00fcnchen<\/td>\n<\/tr>\n<tr>\n<td>1998<\/td>\n<td>Meisterpr\u00fcfung in M\u00fcnster, Westfalen-Lippe<\/td>\n<\/tr>\n<tr>\n<td>2005<\/td>\n<td>Diplom-Agraringenieur (FH), Fachhochschule Weihenstephan<\/td>\n<\/tr>\n<tr>\n<td>2008<\/td>\n<td>Pr\u00fcfung zum Bewegungstrainer EM<\/td>\n<\/tr>\n<tr>\n<td>M\u00e4rz 2011<\/td>\n<td>Life Kinetik Trainer<\/td>\n<\/tr>\n<\/tbody>\n<\/table>\n<p><strong>Schulungsort\/Mindestteilnehmerzahl<\/strong><br \/>\nAuf der Anlage Rank, in Taugenroth 11, 91737 Ornbau<br \/>\nmobil auch auf Wunsch auf fremder Anlage<\/p>\n<p><strong>Referenzen:<\/strong><\/p>\n<p><strong>2023<\/strong><\/p>\n<p><em>Februar<\/em><\/p>\n<div><a href=\"https:\/\/www.bewegungstrainer-em.org\/wp-content\/uploads\/2023\/01\/Katja_Trillitzsch_Arbeit-mit-inneren-Bildern_Modul1.pdf\"><img decoding=\"async\" loading=\"lazy\" class=\"alignnone wp-image-4215 size-full\" src=\"https:\/\/www.bewegungstrainer-em.org\/wp-content\/uploads\/2023\/01\/Katja_Trillitzsch_Workshop_Modul1.png\" alt=\"\" width=\"287\" height=\"240\"><\/a><\/div>\n<p>&#8222;Geschmeidig zufriedenes Pferd reiten&#8220; &#8211;<br \/>\nWorkshop Modul 1, Sitz und Einwirkung verbessern mit Hilfe von inneren Bildern<\/p>\n<p>Kursinhalte: <a href=\"https:\/\/www.bewegungstrainer-em.org\/wp-content\/uploads\/2023\/01\/Katja_Trillitzsch_Arbeit-mit-inneren-Bildern_Modul1.pdf\">Katja_Trillitzsch_Arbeit mit inneren Bildern_Modul1<\/a><\/p>\n<p><a href=\"https:\/\/www.bewegungstrainer-em.org\/wp-content\/uploads\/2023\/01\/Katja_Trillitzsch_Workshop_Modul2.png\"><img decoding=\"async\" loading=\"lazy\" class=\"alignnone size-full wp-image-4216\" src=\"https:\/\/www.bewegungstrainer-em.org\/wp-content\/uploads\/2023\/01\/Katja_Trillitzsch_Workshop_Modul2.png\" alt=\"\" width=\"287\" height=\"240\"><\/a>&nbsp;<\/p>\n<p>&#8222;Geschmeidig zufriedenes Pferd reiten&#8220; &#8211;<br \/>\nWorkshop Modul 2, Beweglichkeit durch Atemtraining<\/p>\n<p>Kursinhalte: <a href=\"https:\/\/www.bewegungstrainer-em.org\/wp-content\/uploads\/2023\/01\/Katja_Trillitzsch_Atmung-und-Mobilitaet_Modul2-.pdf\">Katja_Trillitzsch_Atmung und Mobilitaet_Modul2<\/a><\/p>\n<p>&nbsp;<\/p>\n<p><strong>2022<br \/>\n<\/strong>Bewegungstraining nach Eckart Meyners<br \/>\nReitanlage Oberrappendorf, 93437 Furth im Wald<\/p>\n<p>Bewegungstraining nach Eckart Meyners,<br \/>\nReithalle Fa. Fichtbauer, 86643 Rennertshofen<\/p>\n<p>Bewegungstraining nach Eckart Meyners,&nbsp;<span class=\"\">Theorie und Praxis<\/span><br \/>\n<span class=\"\">Reitschule Holledau, Ried&nbsp;<\/span><\/p>\n<p>Bewegungstraining nach Eckart Meyners, Theorie und Praxis, Dinkelsb\u00fchl<\/p>\n<div class=\"\">\n<div class=\"\">&nbsp;<\/div>\n<\/div>\n<p><strong>2021<\/strong><br \/>\nBewegungstraining nach Eckart Meyners<br \/>\n09.05.2021, Gut Rosenhof, 91586 Lichtenau<\/p>\n<p><strong>2020<\/strong><\/p>\n<p>25.\/26. Juli 2020 Stallgemeinschaft Unterfarrnbach, 90766 F\u00fcrth<br \/>\n4.\/5. Juli 2020 Talhof Korntal, 70825 Korntal-M\u00fcnchingen<br \/>\n27.\/28. Juni 2020 Streetcreekranch, 85229 Markt Indersdorf<br \/>\n13.\/14. Juni 2020 Bewegungstraining EM, Korihof, 85411 Herschenhofen<br \/>\n30.\/31. Mai 2020 Bewegungstraining EM, Riedm\u00fchlranch, 89443 Schwenningen<br \/>\n23.\/24. Mai 2020 Bewegungstraining EM, Reitanlage zur L\u00fcften,85072 Eichst\u00e4tt<br \/>\n14.\/15. M\u00e4rz 2020 Bewegungstraining nach Eckart Meyners, 85376 Massenhausen<br \/>\n&nbsp;<br \/>\n<strong>2019<\/strong><br \/>\n30.11\/01.12.19 2-Tage-Sitzschulung nach Eckart Meyners am KL Sofienhof, 92348 Berg<br \/>\n04.08.2019 Sitzschulung nach Eckart Meyners,Fjordpferde am Finsterbach\/Johanna Schmidt, 91154 Roth-Pruppach<br \/>\n05.10.2019 Bewegungstraining nach Eckart Meyers, Zeckern\/Hemhofen<br \/>\n12.\/13.10.2019 Bewegungstraining nach Eckart Meyers, Almhof Thann, 83607 Holzkirchen<br \/>\n&nbsp;<br \/>\n<strong> 2018<\/strong><br \/>\n28.\/29. April auf Gut Rothof 97633 Sulzfeld<br \/>\n9.10. Juni Riedm\u00fchlranch, 89443 Schwenningen<br \/>\n7.\/8. Juli 91286 Obertrubbach<\/p>\n<p><strong>Kontaktdaten<\/strong><br \/>\nKatja Trillitzsch<br \/>\nLuisenstra\u00dfe 8<br \/>\n90762 F\u00fcrth<br \/>\nMobil:0152 &#8211; 33 50 16 73<br \/>\n<a href=\"mailto:trikat2@web.de\">trikat2@web.de<\/a><br \/>\n<a href=\"http:\/\/www.kt-bewegungstraining.com\/bewegungstraining-em-reiten\/\">www.kt-bewegungstraining.com<\/a><br \/>\n&nbsp;<br \/>\n<strong>Werdegang<\/strong><\/p>\n<table width=\"400\">\n<tbody>\n<tr>\n<td>1989<\/td>\n<td>Pr\u00fcfung zum Pferdewirt \/ M\u00fcnchen<\/td>\n<\/tr>\n<tr>\n<td>1998<\/td>\n<td>Meisterpr\u00fcfung in M\u00fcnster, Westfalen-Lippe<\/td>\n<\/tr>\n<tr>\n<td>2005<\/td>\n<td>Diplom-Agraringenieur (FH), Fachhochschule Weihenstephan<\/td>\n<\/tr>\n<tr>\n<td>2008<\/td>\n<td>Pr\u00fcfung zum Bewegungstrainer EM<\/td>\n<\/tr>\n<tr>\n<td>M\u00e4rz 2011<\/td>\n<td>Life Kinetik Trainer<\/td>\n<\/tr>\n<\/tbody>\n<\/table>\n<p><strong>Schulungsort\/Mindestteilnehmerzahl<\/strong><br \/>\nAuf der Anlage Rank, in Taugenroth 11, 91737 Ornbau<br \/>\nmobil auch auf Wunsch auf fremder Anlage<\/p>\n<p><strong>Referenzen:<\/strong><\/p>\n<p><strong>2022<br \/>\n<\/strong>Bewegungstraining nach Eckart Meyners<br \/>\nReitanlage Oberrappendorf, 93437 Furth im Wald<\/p>\n<p>Bewegungstraining nach Eckart Meyners,<br \/>\nReithalle Fa. Fichtbauer, 86643 Rennertshofen<\/p>\n<p>Bewegungstraining nach Eckart Meyners,&nbsp;<span class=\"\">Theorie und Praxis<\/span><br \/>\n<span class=\"\">Reitschule Holledau, Ried&nbsp;<\/span><\/p>\n<p>Bewegungstraining nach Eckart Meyners, Theorie und Praxis, Dinkelsb\u00fchl<\/p>\n<div class=\"\">\n<div class=\"\">&nbsp;<\/div>\n<\/div>\n<p><strong>2021<\/strong><br \/>\nBewegungstraining nach Eckart Meyners<br \/>\n09.05.2021, Gut Rosenhof, 91586 Lichtenau<\/p>\n<p><strong>2020<\/strong><\/p>\n<p>25.\/26. Juli 2020 Stallgemeinschaft Unterfarrnbach, 90766 F\u00fcrth<br \/>\n4.\/5. Juli 2020 Talhof Korntal, 70825 Korntal-M\u00fcnchingen<br \/>\n27.\/28. Juni 2020 Streetcreekranch, 85229 Markt Indersdorf<br \/>\n13.\/14. Juni 2020 Bewegungstraining EM, Korihof, 85411 Herschenhofen<br \/>\n30.\/31. Mai 2020 Bewegungstraining EM, Riedm\u00fchlranch, 89443 Schwenningen<br \/>\n23.\/24. Mai 2020 Bewegungstraining EM, Reitanlage zur L\u00fcften,85072 Eichst\u00e4tt<br \/>\n14.\/15. M\u00e4rz 2020 Bewegungstraining nach Eckart Meyners, 85376 Massenhausen<br \/>\n&nbsp;<br \/>\n<strong>2019<\/strong><br \/>\n30.11\/01.12.19 2-Tage-Sitzschulung nach Eckart Meyners am KL Sofienhof, 92348 Berg<br \/>\n04.08.2019 Sitzschulung nach Eckart Meyners,Fjordpferde am Finsterbach\/Johanna Schmidt, 91154 Roth-Pruppach<br \/>\n05.10.2019 Bewegungstraining nach Eckart Meyers, Zeckern\/Hemhofen<br \/>\n12.\/13.10.2019 Bewegungstraining nach Eckart Meyers, Almhof Thann, 83607 Holzkirchen<br \/>\n&nbsp;<br \/>\n<strong> 2018<\/strong><br \/>\n28.\/29. April auf Gut Rothof 97633 Sulzfeld<br \/>\n9.10. Juni Riedm\u00fchlranch, 89443 Schwenningen<br \/>\n7.\/8. Juli 91286 Obertrubbach<\/p>\n<p><strong>Kontaktdaten<\/strong><br \/>\nKatja Trillitzsch<br \/>\nLuisenstra\u00dfe 8<br \/>\n90762 F\u00fcrth<br \/>\nMobil:0152 &#8211; 33 50 16 73<br \/>\n<a href=\"mailto:trikat2@web.de\">trikat2@web.de<\/a><br \/>\n<a href=\"http:\/\/www.kt-bewegungstraining.com\/bewegungstraining-em-reiten\/\">www.kt-bewegungstraining.com<\/a><br \/>\n&nbsp;<br \/>\n<strong>Werdegang<\/strong><\/p>\n<table style=\"height: 152px;\" width=\"400\">\n<tbody>\n<tr>\n<td>1989<\/td>\n<td>Pr\u00fcfung zum Pferdewirt \/ M\u00fcnchen<\/td>\n<\/tr>\n<tr>\n<td>1998<\/td>\n<td>Meisterpr\u00fcfung in M\u00fcnster, Westfalen-Lippe<\/td>\n<\/tr>\n<tr>\n<td>2005<\/td>\n<td>Diplom-Agraringenieur (FH), Fachhochschule Weihenstephan<\/td>\n<\/tr>\n<tr>\n<td>2008<\/td>\n<td>Pr\u00fcfung zum Bewegungstrainer EM<\/td>\n<\/tr>\n<tr>\n<td>M\u00e4rz 2011<\/td>\n<td>Life Kinetik Trainer<\/td>\n<\/tr>\n<\/tbody>\n<\/table>\n<p><strong>Schulungsort\/Mindestteilnehmerzahl<\/strong><br \/>\nAuf der Anlage Rank, in Taugenroth 11, 91737 Ornbau<br \/>\nmobil auch auf Wunsch auf fremder Anlage<\/p>\n<p><strong>Referenzen:<\/strong><\/p>\n<p><strong>2022<br \/>\n<\/strong>Bewegungstraining nach Eckart Meyners<br \/>\nReitanlage Oberrappendorf, 93437 Furth im Wald<\/p>\n<p>Bewegungstraining nach Eckart Meyners,<br \/>\nReithalle Fa. Fichtbauer, 86643 Rennertshofen<\/p>\n<p>Bewegungstraining nach Eckart Meyners,&nbsp;<span class=\"\">Theorie und Praxis<\/span><br \/>\n<span class=\"\">Reitschule Holledau, Ried&nbsp;<\/span><\/p>\n<p>Bewegungstraining nach Eckart Meyners, Theorie und Praxis, Dinkelsb\u00fchl<\/p>\n<div class=\"\">\n<div class=\"\">&nbsp;<\/div>\n<\/div>\n<p><strong>2021<\/strong><br \/>\nBewegungstraining nach Eckart Meyners<br \/>\n09.05.2021, Gut Rosenhof, 91586 Lichtenau<\/p>\n<p><strong>2020<\/strong><\/p>\n<p>25.\/26. Juli 2020 Stallgemeinschaft Unterfarrnbach, 90766 F\u00fcrth<br \/>\n4.\/5. Juli 2020 Talhof Korntal, 70825 Korntal-M\u00fcnchingen<br \/>\n27.\/28. Juni 2020 Streetcreekranch, 85229 Markt Indersdorf<br \/>\n13.\/14. Juni 2020 Bewegungstraining EM, Korihof, 85411 Herschenhofen<br \/>\n30.\/31. Mai 2020 Bewegungstraining EM, Riedm\u00fchlranch, 89443 Schwenningen<br \/>\n23.\/24. Mai 2020 Bewegungstraining EM, Reitanlage zur L\u00fcften,85072 Eichst\u00e4tt<br \/>\n14.\/15. M\u00e4rz 2020 Bewegungstraining nach Eckart Meyners, 85376 Massenhausen<br \/>\n&nbsp;<br \/>\n<strong>2019<\/strong><br \/>\n30.11\/01.12.19 2-Tage-Sitzschulung nach Eckart Meyners am KL Sofienhof, 92348 Berg<br \/>\n04.08.2019 Sitzschulung nach Eckart Meyners,Fjordpferde am Finsterbach\/Johanna Schmidt, 91154 Roth-Pruppach<br \/>\n05.10.2019 Bewegungstraining nach Eckart Meyers, Zeckern\/Hemhofen<br \/>\n12.\/13.10.2019 Bewegungstraining nach Eckart Meyers, Almhof Thann, 83607 Holzkirchen<br \/>\n&nbsp;<br \/>\n<strong> 2018<\/strong><br \/>\n28.\/29. April auf Gut Rothof 97633 Sulzfeld<br \/>\n9.10. Juni Riedm\u00fchlranch, 89443 Schwenningen<br \/>\n7.\/8. Juli 91286 Obertrubbach<\/p>\n","protected":false},"excerpt":{"rendered":"<p>&nbsp; AKTUELLE TERMINE: Bewegungstraining nach Eckart Meyners 24.\/25. Juni 2023 Theorie und Praxis Reitanlage Dana Schindler 91567 Herriden &#8211; Leuckresdorf Kontakt: 0152 &#8211; 538 447 33 &nbsp; &nbsp; &nbsp; &nbsp; Kontaktdaten Katja Trillitzsch Luisenstra\u00dfe 8 90762 F\u00fcrth Mobil: 0152 &#8211; 33 50 16 73 trikat2@web.de www.kt-bewegungstraining.com &nbsp; Werdegang 1989 Pr\u00fcfung zum Pferdewirt \/ M\u00fcnchen 1998 Meisterpr\u00fcfung in M\u00fcnster, Westfalen-Lippe 2005 Diplom-Agraringenieur (FH), Fachhochschule Weihenstephan 2008 Pr\u00fcfung zum Bewegungstrainer EM M\u00e4rz 2011 Life Kinetik Trainer Schulungsort\/Mindestteilnehmerzahl Auf der Anlage Rank, in Taugenroth 11, 91737 Ornbau mobil auch auf Wunsch auf fremder Anlage Referenzen: 2022 Bewegungstraining nach Eckart Meyners Reitanlage Oberrappendorf, 93437 Furth im Wald Bewegungstraining nach Eckart Meyners, Reithalle Fa. Fichtbauer, 86643 Rennertshofen Bewegungstraining nach Eckart Meyners,&nbsp;Theorie und Praxis Reitschule Holledau, Ried&nbsp; Bewegungstraining nach Eckart Meyners, Theorie und Praxis, Dinkelsb\u00fchl &nbsp; 2021 Bewegungstraining nach Eckart Meyners 09.05.2021, Gut Rosenhof, 91586 Lichtenau 2020 25.\/26. Juli 2020 Stallgemeinschaft Unterfarrnbach, 90766 F\u00fcrth 4.\/5. Juli 2020 Talhof Korntal, 70825 Korntal-M\u00fcnchingen 27.\/28. Juni 2020 Streetcreekranch, 85229 Markt Indersdorf 13.\/14. Juni 2020 Bewegungstraining EM, Korihof, 85411 Herschenhofen 30.\/31. Mai 2020 Bewegungstraining EM, Riedm\u00fchlranch, 89443 Schwenningen 23.\/24. Mai 2020 Bewegungstraining EM, Reitanlage zur L\u00fcften,85072 Eichst\u00e4tt 14.\/15. M\u00e4rz 2020 Bewegungstraining nach Eckart Meyners, 85376 Massenhausen &nbsp; 2019 30.11\/01.12.19 2-Tage-Sitzschulung nach Eckart Meyners am KL Sofienhof, 92348 Berg 04.08.2019 Sitzschulung nach Eckart Meyners,Fjordpferde am Finsterbach\/Johanna Schmidt, 91154 Roth-Pruppach 05.10.2019 Bewegungstraining nach Eckart Meyers, Zeckern\/Hemhofen 12.\/13.10.2019 Bewegungstraining nach Eckart Meyers, Almhof Thann, 83607 Holzkirchen &nbsp; 2018 28.\/29. April auf Gut Rothof 97633 Sulzfeld 9.10. Juni Riedm\u00fchlranch, 89443 Schwenningen 7.\/8. Juli 91286 Obertrubbach Kontaktdaten Katja Trillitzsch Luisenstra\u00dfe 8 90762 F\u00fcrth Mobil:0152 &#8211; 33 50 16 73 trikat2@web.de www.kt-bewegungstraining.com &nbsp; Werdegang 1989 Pr\u00fcfung zum Pferdewirt \/ M\u00fcnchen 1998 Meisterpr\u00fcfung in M\u00fcnster, Westfalen-Lippe 2005 Diplom-Agraringenieur (FH), Fachhochschule Weihenstephan 2008 Pr\u00fcfung zum Bewegungstrainer EM M\u00e4rz 2011 Life Kinetik Trainer Schulungsort\/Mindestteilnehmerzahl Auf der Anlage Rank, in Taugenroth 11, 91737 Ornbau mobil auch auf Wunsch auf fremder Anlage Referenzen: 2023 Februar &#8222;Geschmeidig zufriedenes Pferd reiten&#8220; &#8211; Workshop Modul 1, Sitz und Einwirkung verbessern mit Hilfe von inneren Bildern Kursinhalte: Katja_Trillitzsch_Arbeit mit inneren Bildern_Modul1 &nbsp; &#8222;Geschmeidig zufriedenes Pferd reiten&#8220; &#8211; Workshop Modul 2, Beweglichkeit durch Atemtraining Kursinhalte: Katja_Trillitzsch_Atmung und Mobilitaet_Modul2 &nbsp; 2022 Bewegungstraining nach Eckart Meyners Reitanlage Oberrappendorf, 93437 Furth im Wald Bewegungstraining nach Eckart Meyners, Reithalle Fa. Fichtbauer, 86643 Rennertshofen Bewegungstraining nach Eckart Meyners,&nbsp;Theorie und Praxis Reitschule Holledau, Ried&nbsp; Bewegungstraining nach Eckart Meyners, Theorie und Praxis, Dinkelsb\u00fchl &nbsp; 2021 Bewegungstraining nach Eckart Meyners 09.05.2021, Gut Rosenhof, 91586 Lichtenau 2020 25.\/26. Juli 2020 Stallgemeinschaft Unterfarrnbach, 90766 F\u00fcrth 4.\/5. Juli 2020 Talhof Korntal, 70825 Korntal-M\u00fcnchingen 27.\/28. Juni 2020 Streetcreekranch, 85229 Markt Indersdorf 13.\/14. Juni 2020 Bewegungstraining EM, Korihof, 85411 Herschenhofen 30.\/31. Mai 2020 Bewegungstraining EM, Riedm\u00fchlranch, 89443 Schwenningen 23.\/24. Mai 2020 Bewegungstraining EM, Reitanlage zur L\u00fcften,85072 Eichst\u00e4tt 14.\/15. M\u00e4rz 2020 Bewegungstraining nach Eckart Meyners, 85376 Massenhausen &nbsp; 2019 30.11\/01.12.19 2-Tage-Sitzschulung nach Eckart Meyners am KL Sofienhof, 92348 Berg 04.08.2019 Sitzschulung nach Eckart Meyners,Fjordpferde am Finsterbach\/Johanna Schmidt, 91154 Roth-Pruppach 05.10.2019 Bewegungstraining nach Eckart Meyers, Zeckern\/Hemhofen 12.\/13.10.2019 Bewegungstraining nach Eckart Meyers, Almhof Thann, 83607 Holzkirchen &nbsp; 2018 28.\/29. April auf Gut Rothof 97633 Sulzfeld 9.10. Juni Riedm\u00fchlranch, 89443 Schwenningen 7.\/8. Juli 91286 Obertrubbach Kontaktdaten Katja Trillitzsch Luisenstra\u00dfe 8 90762 F\u00fcrth Mobil:0152 &#8211; 33 50 16 73 trikat2@web.de www.kt-bewegungstraining.com &nbsp; Werdegang 1989 Pr\u00fcfung zum Pferdewirt \/ M\u00fcnchen 1998 Meisterpr\u00fcfung in M\u00fcnster, Westfalen-Lippe 2005 Diplom-Agraringenieur (FH), Fachhochschule Weihenstephan 2008 Pr\u00fcfung zum Bewegungstrainer EM M\u00e4rz 2011 Life Kinetik Trainer Schulungsort\/Mindestteilnehmerzahl Auf der Anlage Rank, in Taugenroth 11, 91737 Ornbau mobil auch auf Wunsch auf fremder Anlage Referenzen: 2022 Bewegungstraining nach Eckart Meyners Reitanlage Oberrappendorf, 93437 Furth im Wald Bewegungstraining nach Eckart Meyners, Reithalle Fa. Fichtbauer, 86643 Rennertshofen Bewegungstraining nach Eckart Meyners,&nbsp;Theorie und Praxis Reitschule Holledau, Ried&nbsp; Bewegungstraining nach Eckart Meyners, Theorie und Praxis, Dinkelsb\u00fchl &nbsp; 2021 Bewegungstraining nach Eckart Meyners 09.05.2021, Gut Rosenhof, 91586 Lichtenau 2020 25.\/26. Juli 2020 Stallgemeinschaft Unterfarrnbach, 90766 F\u00fcrth 4.\/5. Juli 2020 Talhof Korntal, 70825 Korntal-M\u00fcnchingen 27.\/28. Juni 2020 Streetcreekranch, 85229 Markt Indersdorf 13.\/14. Juni 2020 Bewegungstraining EM, Korihof, 85411 Herschenhofen 30.\/31. Mai 2020 Bewegungstraining EM, Riedm\u00fchlranch, 89443 Schwenningen 23.\/24. Mai 2020 Bewegungstraining EM, Reitanlage zur L\u00fcften,85072 Eichst\u00e4tt 14.\/15. M\u00e4rz 2020 Bewegungstraining nach Eckart Meyners, 85376 Massenhausen &nbsp; 2019 30.11\/01.12.19 2-Tage-Sitzschulung nach Eckart Meyners am KL Sofienhof, 92348 Berg 04.08.2019 Sitzschulung nach Eckart Meyners,Fjordpferde am Finsterbach\/Johanna Schmidt, 91154 Roth-Pruppach 05.10.2019 Bewegungstraining nach Eckart Meyers, Zeckern\/Hemhofen 12.\/13.10.2019 Bewegungstraining nach Eckart Meyers, Almhof Thann, 83607 Holzkirchen &nbsp; 2018 28.\/29. April auf Gut Rothof 97633 Sulzfeld 9.10. Juni Riedm\u00fchlranch, 89443 Schwenningen 7.\/8. Juli 91286 Obertrubbach Kontaktdaten Katja Trillitzsch Luisenstra\u00dfe 8 90762 F\u00fcrth Mobil:0152 &#8211; 33 50 16 73 trikat2@web.de www.kt-bewegungstraining.com &nbsp; Werdegang 1989 Pr\u00fcfung zum Pferdewirt \/ M\u00fcnchen 1998 Meisterpr\u00fcfung in M\u00fcnster, Westfalen-Lippe 2005 Diplom-Agraringenieur (FH), Fachhochschule Weihenstephan 2008 Pr\u00fcfung zum Bewegungstrainer EM M\u00e4rz 2011 Life Kinetik Trainer Schulungsort\/Mindestteilnehmerzahl Auf der Anlage Rank, in Taugenroth 11, 91737 Ornbau mobil auch auf Wunsch auf fremder Anlage Referenzen: 2022 Bewegungstraining nach Eckart Meyners Reitanlage Oberrappendorf, 93437 Furth im Wald Bewegungstraining nach Eckart Meyners, Reithalle Fa. Fichtbauer, 86643 Rennertshofen Bewegungstraining nach Eckart Meyners,&nbsp;Theorie und Praxis Reitschule Holledau, Ried&nbsp; Bewegungstraining nach Eckart Meyners, Theorie und Praxis, Dinkelsb\u00fchl &nbsp; 2021 Bewegungstraining nach Eckart Meyners 09.05.2021, Gut Rosenhof, 91586 Lichtenau 2020 25.\/26. Juli 2020 Stallgemeinschaft Unterfarrnbach, 90766 F\u00fcrth 4.\/5. Juli 2020 Talhof Korntal, 70825 Korntal-M\u00fcnchingen 27.\/28. Juni 2020 Streetcreekranch, 85229 Markt Indersdorf 13.\/14. Juni 2020 Bewegungstraining EM, Korihof, 85411 Herschenhofen 30.\/31. Mai 2020 Bewegungstraining EM, Riedm\u00fchlranch, 89443 Schwenningen 23.\/24. Mai 2020 Bewegungstraining EM, Reitanlage zur L\u00fcften,85072 Eichst\u00e4tt 14.\/15. M\u00e4rz 2020 Bewegungstraining nach Eckart Meyners, 85376 Massenhausen &nbsp; 2019 30.11\/01.12.19 2-Tage-Sitzschulung nach Eckart Meyners am KL Sofienhof, 92348 Berg 04.08.2019 Sitzschulung nach Eckart Meyners,Fjordpferde am Finsterbach\/Johanna Schmidt, 91154 Roth-Pruppach 05.10.2019 Bewegungstraining nach Eckart Meyers, Zeckern\/Hemhofen 12.\/13.10.2019 Bewegungstraining nach Eckart Meyers, Almhof Thann, 83607 Holzkirchen &nbsp; 2018 28.\/29. April auf Gut Rothof 97633 Sulzfeld 9.10. Juni Riedm\u00fchlranch, 89443 Schwenningen 7.\/8. Juli 91286 Obertrubbach<\/p>\n","protected":false},"author":61,"featured_media":0,"parent":438,"menu_order":30,"comment_status":"closed","ping_status":"closed","template":"","meta":{"ngg_post_thumbnail":0},"acf":[],"_links":{"self":[{"href":"https:\/\/www.bewegungstrainer-em.org\/index.php\/wp-json\/wp\/v2\/pages\/826"}],"collection":[{"href":"https:\/\/www.bewegungstrainer-em.org\/index.php\/wp-json\/wp\/v2\/pages"}],"about":[{"href":"https:\/\/www.bewegungstrainer-em.org\/index.php\/wp-json\/wp\/v2\/types\/page"}],"author":[{"embeddable":true,"href":"https:\/\/www.bewegungstrainer-em.org\/index.php\/wp-json\/wp\/v2\/users\/61"}],"replies":[{"embeddable":true,"href":"https:\/\/www.bewegungstrainer-em.org\/index.php\/wp-json\/wp\/v2\/comments?post=826"}],"version-history":[{"count":91,"href":"https:\/\/www.bewegungstrainer-em.org\/index.php\/wp-json\/wp\/v2\/pages\/826\/revisions"}],"predecessor-version":[{"id":4281,"href":"https:\/\/www.bewegungstrainer-em.org\/index.php\/wp-json\/wp\/v2\/pages\/826\/revisions\/4281"}],"up":[{"embeddable":true,"href":"https:\/\/www.bewegungstrainer-em.org\/index.php\/wp-json\/wp\/v2\/pages\/438"}],"wp:attachment":[{"href":"https:\/\/www.bewegungstrainer-em.org\/index.php\/wp-json\/wp\/v2\/media?parent=826"}],"curies":[{"name":"wp","href":"https:\/\/api.w.org\/{rel}","templated":true}]}}