{"id":992,"date":"2010-10-24T15:55:18","date_gmt":"2010-10-24T15:55:18","guid":{"rendered":"http:\/\/www.bewegungstrainer-em.org\/?page_id=992"},"modified":"2023-06-01T13:34:29","modified_gmt":"2023-06-01T13:34:29","slug":"beate-altenkirch-48336-sassenberg","status":"publish","type":"page","link":"https:\/\/www.bewegungstrainer-em.org\/index.php\/trainerverzeichnis\/bewegungstrainer-nrw\/beate-altenkirch-48336-sassenberg\/","title":{"rendered":"Beate Altenkirch, 48336 Sassenberg"},"content":{"rendered":"<p><iframe loading=\"lazy\" src=\"https:\/\/www.youtube.com\/embed\/O0SLCGLIdD8\" allowfullscreen=\"allowfullscreen\" width=\"1280\" height=\"1047\" frameborder=\"0\"><\/iframe><\/p>\n<p><iframe loading=\"lazy\" src=\"https:\/\/www.youtube.com\/embed\/uvcVe76Sj9o\" allowfullscreen=\"allowfullscreen\" width=\"1280\" height=\"1047\" frameborder=\"0\"><\/iframe><\/p>\n<p><iframe loading=\"lazy\" src=\"https:\/\/www.youtube.com\/embed\/G984irW-7l8\" allowfullscreen=\"allowfullscreen\" width=\"560\" height=\"315\" frameborder=\"0\"><\/iframe><\/p>\n<p><img decoding=\"async\" loading=\"lazy\" class=\"alignnone size-full wp-image-1642\" title=\"beate altenkirch_3\" src=\"https:\/\/www.bewegungstrainer-em.org\/wp-content\/uploads\/2010\/10\/beate-altenkirch_3.jpg\" alt=\"\" width=\"323\" height=\"395\" srcset=\"https:\/\/www.bewegungstrainer-em.org\/wp-content\/uploads\/2010\/10\/beate-altenkirch_3.jpg 600w, https:\/\/www.bewegungstrainer-em.org\/wp-content\/uploads\/2010\/10\/beate-altenkirch_3-246x300.jpg 246w, https:\/\/www.bewegungstrainer-em.org\/wp-content\/uploads\/2010\/10\/beate-altenkirch_3-123x150.jpg 123w\" sizes=\"(max-width: 323px) 100vw, 323px\" \/><img decoding=\"async\" loading=\"lazy\" class=\"alignnone size-full wp-image-1643\" title=\"beate altenkirch_4\" src=\"https:\/\/www.bewegungstrainer-em.org\/wp-content\/uploads\/2010\/10\/beate-altenkirch_4.jpg\" alt=\"\" width=\"263\" height=\"395\" srcset=\"https:\/\/www.bewegungstrainer-em.org\/wp-content\/uploads\/2010\/10\/beate-altenkirch_4.jpg 600w, https:\/\/www.bewegungstrainer-em.org\/wp-content\/uploads\/2010\/10\/beate-altenkirch_4-200x300.jpg 200w, https:\/\/www.bewegungstrainer-em.org\/wp-content\/uploads\/2010\/10\/beate-altenkirch_4-100x150.jpg 100w, https:\/\/www.bewegungstrainer-em.org\/wp-content\/uploads\/2010\/10\/beate-altenkirch_4-400x600.jpg 400w\" sizes=\"(max-width: 263px) 100vw, 263px\" \/><\/p>\n<p>&#8222;Mit Leichtigkeit zum losgelassenen Sitz. Nur der ausbalancierte Reiter kann sein Partner Pferd bis zur Losgelassenheit gymnastizieren.&#8220;<\/p>\n<p><strong>Ziel der Arbeit:<\/strong><br \/>\nHarmonisches Zusammenspiel zwischen Reiter und Pferd auf Grundlage der Skala der Ausbildung<\/p>\n<p>Hierzu holt der Reiter sein Pferd ab wo es steht, um \u00fcber die korrekte Koordination der Hilfengebung,<br \/>\ndie Beweglichkeit und Elastizit\u00e4t des Pferdes zu f\u00f6rdern und dadurch gesund zu erhalten.<\/p>\n<p><strong>Kontakt:<\/strong><br \/>\n<strong>Beate Altenkirch<\/strong><br \/>\nEdith-Stein-Weg 4<br \/>\n48336 Sassenberg<br \/>\nMobil 0172- 39 83 111<br \/>\n<a href=\"mailto:seminar-altenkirch@t-online.de\">seminar-altenkirch@t-online.de<\/a> oder<br \/>\n<a href=\"mailto:beate.altenkirch@gmail.com\">beate.altenkirch@gmail.com<\/a><\/p>\n<p><strong>Werdegang<\/strong><\/p>\n<table style=\"height: 152px;\" width=\"400\">\n<tbody>\n<tr>\n<td>1986-1989<\/td>\n<td>Ausbildung bei Frau Barthel zum zum Pferdewirt Reiten<\/td>\n<\/tr>\n<tr>\n<td>1990-1992<\/td>\n<td>Ausbildung zur Arzthelferin bei Dr. Winter (Orthop\u00e4die)<\/td>\n<\/tr>\n<tr>\n<td>1991<\/td>\n<td>Zusatzqualifikation als Ausbilderin im Behindertenreitsport<\/td>\n<\/tr>\n<tr>\n<td>2001<\/td>\n<td>Zusatzqualifikation als Ausbilderin im Gesundheitsport<\/td>\n<\/tr>\n<tr>\n<td>2006<\/td>\n<td>Richterin FN<\/td>\n<\/tr>\n<tr>\n<td>2007<\/td>\n<td>Pferdewirtschaftsmeisterpr\u00fcfung<\/td>\n<\/tr>\n<tr>\n<td>2007<\/td>\n<td>Zusatzpr\u00fcfung f\u00fcr Richten Basis- und Aufbaupr\u00fcfungen<\/td>\n<\/tr>\n<tr>\n<td>2009<\/td>\n<td>Zusatzpr\u00fcfung Richten DS<\/td>\n<\/tr>\n<tr>\n<td>2010<\/td>\n<td>Aufnahme auf die Richterliste der Mentoren<\/td>\n<\/tr>\n<tr>\n<td>seit 12\/2010<\/td>\n<td>H\u00f6herstufung auf &#8222;SM&#8220;<\/td>\n<\/tr>\n<tr>\n<td>&nbsp;<\/td>\n<td>erfolgreich bis Inter I geritten<\/td>\n<\/tr>\n<\/tbody>\n<\/table>\n<p><strong>Schulungsort\/Mindestteilnehmerzahl:<\/strong><br \/>\nMobil auf Anfrage<\/p>\n","protected":false},"excerpt":{"rendered":"<p>&#8222;Mit Leichtigkeit zum losgelassenen Sitz. Nur der ausbalancierte Reiter kann sein Partner Pferd bis zur Losgelassenheit gymnastizieren.&#8220; Ziel der Arbeit: Harmonisches Zusammenspiel zwischen Reiter und Pferd auf Grundlage der Skala der Ausbildung Hierzu holt der Reiter sein Pferd ab wo es steht, um \u00fcber die korrekte Koordination der Hilfengebung, die Beweglichkeit und Elastizit\u00e4t des Pferdes zu f\u00f6rdern und dadurch gesund zu erhalten. Kontakt: Beate Altenkirch Edith-Stein-Weg 4 48336 Sassenberg Mobil 0172- 39 83 111 seminar-altenkirch@t-online.de oder beate.altenkirch@gmail.com Werdegang 1986-1989 Ausbildung bei Frau Barthel zum zum Pferdewirt Reiten 1990-1992 Ausbildung zur Arzthelferin bei Dr. Winter (Orthop\u00e4die) 1991 Zusatzqualifikation als Ausbilderin im Behindertenreitsport 2001 Zusatzqualifikation als Ausbilderin im Gesundheitsport 2006 Richterin FN 2007 Pferdewirtschaftsmeisterpr\u00fcfung 2007 Zusatzpr\u00fcfung f\u00fcr Richten Basis- und Aufbaupr\u00fcfungen 2009 Zusatzpr\u00fcfung Richten DS 2010 Aufnahme auf die Richterliste der Mentoren seit 12\/2010 H\u00f6herstufung auf &#8222;SM&#8220; &nbsp; erfolgreich bis Inter I geritten Schulungsort\/Mindestteilnehmerzahl: Mobil auf Anfrage<\/p>\n","protected":false},"author":61,"featured_media":0,"parent":395,"menu_order":0,"comment_status":"closed","ping_status":"closed","template":"","meta":{"ngg_post_thumbnail":0},"acf":[],"_links":{"self":[{"href":"https:\/\/www.bewegungstrainer-em.org\/index.php\/wp-json\/wp\/v2\/pages\/992"}],"collection":[{"href":"https:\/\/www.bewegungstrainer-em.org\/index.php\/wp-json\/wp\/v2\/pages"}],"about":[{"href":"https:\/\/www.bewegungstrainer-em.org\/index.php\/wp-json\/wp\/v2\/types\/page"}],"author":[{"embeddable":true,"href":"https:\/\/www.bewegungstrainer-em.org\/index.php\/wp-json\/wp\/v2\/users\/61"}],"replies":[{"embeddable":true,"href":"https:\/\/www.bewegungstrainer-em.org\/index.php\/wp-json\/wp\/v2\/comments?post=992"}],"version-history":[{"count":27,"href":"https:\/\/www.bewegungstrainer-em.org\/index.php\/wp-json\/wp\/v2\/pages\/992\/revisions"}],"predecessor-version":[{"id":4290,"href":"https:\/\/www.bewegungstrainer-em.org\/index.php\/wp-json\/wp\/v2\/pages\/992\/revisions\/4290"}],"up":[{"embeddable":true,"href":"https:\/\/www.bewegungstrainer-em.org\/index.php\/wp-json\/wp\/v2\/pages\/395"}],"wp:attachment":[{"href":"https:\/\/www.bewegungstrainer-em.org\/index.php\/wp-json\/wp\/v2\/media?parent=992"}],"curies":[{"name":"wp","href":"https:\/\/api.w.org\/{rel}","templated":true}]}}

<p><iframe loading="lazy" src="https://www.youtube.com/embed/O0SLCGLIdD8" allowfullscreen="allowfullscreen" width="1280" height="1047" frameborder="0"></iframe></p>
<p><iframe loading="lazy" src="https://www.youtube.com/embed/uvcVe76Sj9o" allowfullscreen="allowfullscreen" width="1280" height="1047" frameborder="0"></iframe></p>
<p><iframe loading="lazy" src="https://www.youtube.com/embed/G984irW-7l8" allowfullscreen="allowfullscreen" width="560" height="315" frameborder="0"></iframe></p>
<p><img decoding="async" loading="lazy" class="alignnone size-full wp-image-1642" title="beate altenkirch_3" src="https://www.bewegungstrainer-em.org/wp-content/uploads/2010/10/beate-altenkirch_3.jpg" alt="" width="323" height="395" srcset="https://www.bewegungstrainer-em.org/wp-content/uploads/2010/10/beate-altenkirch_3.jpg 600w, https://www.bewegungstrainer-em.org/wp-content/uploads/2010/10/beate-altenkirch_3-246x300.jpg 246w, https://www.bewegungstrainer-em.org/wp-content/uploads/2010/10/beate-altenkirch_3-123x150.jpg 123w" sizes="(max-width: 323px) 100vw, 323px" /><img decoding="async" loading="lazy" class="alignnone size-full wp-image-1643" title="beate altenkirch_4" src="https://www.bewegungstrainer-em.org/wp-content/uploads/2010/10/beate-altenkirch_4.jpg" alt="" width="263" height="395" srcset="https://www.bewegungstrainer-em.org/wp-content/uploads/2010/10/beate-altenkirch_4.jpg 600w, https://www.bewegungstrainer-em.org/wp-content/uploads/2010/10/beate-altenkirch_4-200x300.jpg 200w, https://www.bewegungstrainer-em.org/wp-content/uploads/2010/10/beate-altenkirch_4-100x150.jpg 100w, https://www.bewegungstrainer-em.org/wp-content/uploads/2010/10/beate-altenkirch_4-400x600.jpg 400w" sizes="(max-width: 263px) 100vw, 263px" /></p>
<p>&#8222;Mit Leichtigkeit zum losgelassenen Sitz. Nur der ausbalancierte Reiter kann sein Partner Pferd bis zur Losgelassenheit gymnastizieren.&#8220;</p>
<p><strong>Ziel der Arbeit:</strong><br />
Harmonisches Zusammenspiel zwischen Reiter und Pferd auf Grundlage der Skala der Ausbildung</p>
<p>Hierzu holt der Reiter sein Pferd ab wo es steht, um über die korrekte Koordination der Hilfengebung,<br />
die Beweglichkeit und Elastizität des Pferdes zu fördern und dadurch gesund zu erhalten.</p>
<p><strong>Kontakt:</strong><br />
<strong>Beate Altenkirch</strong><br />
Edith-Stein-Weg 4<br />
48336 Sassenberg<br />
Mobil 0172- 39 83 111<br />
<a href="mailto:seminar-altenkirch@t-online.de">seminar-altenkirch@t-online.de</a> oder<br />
<a href="mailto:beate.altenkirch@gmail.com">beate.altenkirch@gmail.com</a></p>
<p><strong>Werdegang</strong></p>
<table style="height: 152px;" width="400">
<tbody>
<tr>
<td>1986-1989</td>
<td>Ausbildung bei Frau Barthel zum zum Pferdewirt Reiten</td>
</tr>
<tr>
<td>1990-1992</td>
<td>Ausbildung zur Arzthelferin bei Dr. Winter (Orthopädie)</td>
</tr>
<tr>
<td>1991</td>
<td>Zusatzqualifikation als Ausbilderin im Behindertenreitsport</td>
</tr>
<tr>
<td>2001</td>
<td>Zusatzqualifikation als Ausbilderin im Gesundheitsport</td>
</tr>
<tr>
<td>2006</td>
<td>Richterin FN</td>
</tr>
<tr>
<td>2007</td>
<td>Pferdewirtschaftsmeisterprüfung</td>
</tr>
<tr>
<td>2007</td>
<td>Zusatzprüfung für Richten Basis- und Aufbauprüfungen</td>
</tr>
<tr>
<td>2009</td>
<td>Zusatzprüfung Richten DS</td>
</tr>
<tr>
<td>2010</td>
<td>Aufnahme auf die Richterliste der Mentoren</td>
</tr>
<tr>
<td>seit 12/2010</td>
<td>Höherstufung auf &#8222;SM&#8220;</td>
</tr>
<tr>
<td>&nbsp;</td>
<td>erfolgreich bis Inter I geritten</td>
</tr>
</tbody>
</table>
<p><strong>Schulungsort/Mindestteilnehmerzahl:</strong><br />
Mobil auf Anfrage</p>

<p>&#8222;Mit Leichtigkeit zum losgelassenen Sitz. Nur der ausbalancierte Reiter kann sein Partner Pferd bis zur Losgelassenheit gymnastizieren.&#8220; Ziel der Arbeit: Harmonisches Zusammenspiel zwischen Reiter und Pferd auf Grundlage der Skala der Ausbildung Hierzu holt der Reiter sein Pferd ab wo es steht, um über die korrekte Koordination der Hilfengebung, die Beweglichkeit und Elastizität des Pferdes zu fördern und dadurch gesund zu erhalten. Kontakt: Beate Altenkirch Edith-Stein-Weg 4 48336 Sassenberg Mobil 0172- 39 83 111 seminar-altenkirch@t-online.de oder beate.altenkirch@gmail.com Werdegang 1986-1989 Ausbildung bei Frau Barthel zum zum Pferdewirt Reiten 1990-1992 Ausbildung zur Arzthelferin bei Dr. Winter (Orthopädie) 1991 Zusatzqualifikation als Ausbilderin im Behindertenreitsport 2001 Zusatzqualifikation als Ausbilderin im Gesundheitsport 2006 Richterin FN 2007 Pferdewirtschaftsmeisterprüfung 2007 Zusatzprüfung für Richten Basis- und Aufbauprüfungen 2009 Zusatzprüfung Richten DS 2010 Aufnahme auf die Richterliste der Mentoren seit 12/2010 Höherstufung auf &#8222;SM&#8220; &nbsp; erfolgreich bis Inter I geritten Schulungsort/Mindestteilnehmerzahl: Mobil auf Anfrage</p>
